CRAN Package Check Results for Package interim

Last updated on 2024-04-19 14:56:14 CEST.

Flavor Version Tinstall Tcheck Ttotal Status Flags
r-devel-linux-x86_64-debian-clang 0.8.0 2.43 23.37 25.80 NOTE
r-devel-linux-x86_64-debian-gcc 0.8.0 NOTE
r-devel-linux-x86_64-fedora-clang 0.8.0 33.29 NOTE
r-devel-linux-x86_64-fedora-gcc 0.8.0 31.38 NOTE
r-prerel-macos-arm64 0.8.0 14.00 NOTE
r-prerel-windows-x86_64 0.8.0 3.00 39.00 42.00 NOTE
r-patched-linux-x86_64 0.8.0 3.04 23.33 26.37 NOTE
r-release-linux-x86_64 0.8.0 2.68 23.06 25.74 NOTE
r-release-macos-arm64 0.8.0 16.00 NOTE
r-release-macos-x86_64 0.8.0 19.00 NOTE
r-release-windows-x86_64 0.8.0 3.00 41.00 44.00 NOTE
r-oldrel-macos-arm64 0.8.0 17.00 NOTE
r-oldrel-windows-x86_64 0.8.0 8.00 44.00 52.00 NOTE

Check Details

Version: 0.8.0
Check: LazyData
Result: NOTE 'LazyData' is specified without a 'data' directory Flavors: r-devel-linux-x86_64-debian-clang, r-devel-linux-x86_64-debian-gcc, r-devel-linux-x86_64-fedora-clang, r-devel-linux-x86_64-fedora-gcc, r-prerel-macos-arm64, r-prerel-windows-x86_64, r-patched-linux-x86_64, r-release-linux-x86_64, r-release-macos-arm64, r-release-macos-x86_64, r-release-windows-x86_64, r-oldrel-macos-arm64, r-oldrel-windows-x86_64