CRAN Package Check Results for Package interimApp

Last updated on 2025-01-21 15:49:22 CET.

Flavor Version Tinstall Tcheck Ttotal Status Flags
r-devel-linux-x86_64-debian-clang 0.0.1 3.98 33.12 37.10 OK
r-devel-linux-x86_64-debian-gcc 0.0.1 2.60 25.64 28.24 OK
r-devel-linux-x86_64-fedora-clang 0.0.1 59.27 OK
r-devel-linux-x86_64-fedora-gcc 0.0.1 54.93 OK
r-devel-windows-x86_64 0.0.1 5.00 58.00 63.00 OK
r-patched-linux-x86_64 0.0.1 3.98 31.83 35.81 NOTE
r-release-linux-x86_64 0.0.1 3.47 32.00 35.47 NOTE
r-release-macos-arm64 0.0.1 21.00 NOTE
r-release-macos-x86_64 0.0.1 32.00 NOTE
r-release-windows-x86_64 0.0.1 7.00 61.00 68.00 NOTE
r-oldrel-macos-arm64 0.0.1 22.00 NOTE
r-oldrel-macos-x86_64 0.0.1 32.00 NOTE
r-oldrel-windows-x86_64 0.0.1 7.00 61.00 68.00 NOTE

Check Details

Version: 0.0.1
Check: LazyData
Result: NOTE 'LazyData' is specified without a 'data' directory Flavors: r-patched-linux-x86_64, r-release-linux-x86_64, r-release-macos-arm64, r-release-macos-x86_64, r-release-windows-x86_64, r-oldrel-macos-arm64, r-oldrel-macos-x86_64, r-oldrel-windows-x86_64