CRAN Package Check Results for Package interimApp

Last updated on 2021-09-24 07:49:20 CEST.

Flavor Version Tinstall Tcheck Ttotal Status Flags
r-devel-linux-x86_64-debian-clang 0.0.1 3.88 35.23 39.11 NOTE
r-devel-linux-x86_64-debian-gcc 0.0.1 3.17 28.16 31.33 NOTE
r-devel-linux-x86_64-fedora-clang 0.0.1 57.61 NOTE
r-devel-linux-x86_64-fedora-gcc 0.0.1 45.85 NOTE
r-devel-windows-x86_64 0.0.1 5.00 41.00 46.00 NOTE
r-devel-windows-x86_64-gcc10-UCRT 0.0.1 NOTE
r-patched-linux-x86_64 0.0.1 3.90 34.84 38.74 NOTE
r-patched-solaris-x86 0.0.1 70.90 NOTE
r-release-linux-x86_64 0.0.1 2.94 34.57 37.51 NOTE
r-release-macos-arm64 0.0.1 NOTE
r-release-macos-x86_64 0.0.1 NOTE
r-release-windows-ix86+x86_64 0.0.1 9.00 43.00 52.00 NOTE
r-oldrel-macos-x86_64 0.0.1 OK
r-oldrel-windows-ix86+x86_64 0.0.1 10.00 43.00 53.00 OK

Check Details

Version: 0.0.1
Check: LazyData
Result: NOTE
     'LazyData' is specified without a 'data' directory
Flavors: r-devel-linux-x86_64-debian-clang, r-devel-linux-x86_64-debian-gcc, r-devel-linux-x86_64-fedora-clang, r-devel-linux-x86_64-fedora-gcc, r-devel-windows-x86_64, r-devel-windows-x86_64-gcc10-UCRT, r-patched-linux-x86_64, r-patched-solaris-x86, r-release-linux-x86_64, r-release-macos-arm64, r-release-macos-x86_64, r-release-windows-ix86+x86_64