CRAN Package Check Results for Package interplot

Last updated on 2021-01-16 23:48:01 CET.

Flavor Version Tinstall Tcheck Ttotal Status Flags
r-devel-linux-x86_64-debian-clang 0.2.2 15.54 146.84 162.38 OK
r-devel-linux-x86_64-debian-gcc 0.2.2 13.98 111.66 125.64 OK
r-devel-linux-x86_64-fedora-clang 0.2.2 196.99 NOTE
r-devel-linux-x86_64-fedora-gcc 0.2.2 199.67 NOTE
r-devel-windows-ix86+x86_64 0.2.2 26.00 142.00 168.00 OK
r-patched-linux-x86_64 0.2.2 10.69 138.69 149.38 OK
r-patched-solaris-x86 0.2.2 261.80 NOTE
r-release-linux-x86_64 0.2.2 10.74 138.41 149.15 OK
r-release-macos-x86_64 0.2.2 NOTE
r-release-windows-ix86+x86_64 0.2.2 27.00 132.00 159.00 OK
r-oldrel-macos-x86_64 0.2.2 NOTE
r-oldrel-windows-ix86+x86_64 0.2.2 30.00 121.00 151.00 OK

Check Details

Version: 0.2.2
Check: dependencies in R code
Result: NOTE
    Namespace in Imports field not imported from: ‘gridExtra’
     All declared Imports should be used.
Flavors: r-devel-linux-x86_64-fedora-clang, r-devel-linux-x86_64-fedora-gcc, r-patched-solaris-x86, r-release-macos-x86_64, r-oldrel-macos-x86_64