CRAN Package Check Results for Package interplot

Last updated on 2019-07-19 01:47:18 CEST.

Flavor Version Tinstall Tcheck Ttotal Status Flags
r-devel-linux-x86_64-debian-clang 0.2.1 12.50 112.59 125.09 OK
r-devel-linux-x86_64-debian-gcc 0.2.1 10.59 86.84 97.43 OK
r-devel-linux-x86_64-fedora-clang 0.2.1 147.64 NOTE
r-devel-linux-x86_64-fedora-gcc 0.2.1 165.65 NOTE
r-devel-windows-ix86+x86_64 0.2.1 29.00 176.00 205.00 OK
r-patched-linux-x86_64 0.2.1 12.12 108.87 120.99 OK
r-patched-solaris-x86 0.2.1 216.50 NOTE
r-release-linux-x86_64 0.2.1 11.37 108.91 120.28 OK
r-release-windows-ix86+x86_64 0.2.1 20.00 116.00 136.00 OK
r-release-osx-x86_64 0.2.1 NOTE
r-oldrel-windows-ix86+x86_64 0.2.1 15.00 161.00 176.00 OK
r-oldrel-osx-x86_64 0.2.1 NOTE

Check Details

Version: 0.2.1
Check: dependencies in R code
Result: NOTE
    Namespace in Imports field not imported from: ‘gridExtra’
     All declared Imports should be used.
Flavors: r-devel-linux-x86_64-fedora-clang, r-devel-linux-x86_64-fedora-gcc, r-patched-solaris-x86, r-release-osx-x86_64, r-oldrel-osx-x86_64