CRAN Package Check Results for Package interpretCI

Last updated on 2022-07-04 04:54:26 CEST.

Flavor Version Tinstall Tcheck Ttotal Status Flags
r-devel-linux-x86_64-debian-clang 0.1.1 10.56 168.93 179.49 OK
r-devel-linux-x86_64-debian-gcc 0.1.1 9.48 123.15 132.63 OK
r-devel-linux-x86_64-fedora-clang 0.1.1 227.31 NOTE
r-devel-linux-x86_64-fedora-gcc 0.1.1 214.27 NOTE
r-devel-windows-x86_64 0.1.1 52.00 231.00 283.00 OK
r-patched-linux-x86_64 0.1.1 9.40 156.40 165.80 OK
r-release-linux-x86_64 0.1.1 9.81 157.25 167.06 OK
r-release-macos-arm64 0.1.1 66.00 NOTE
r-release-macos-x86_64 0.1.1 140.00 NOTE
r-release-windows-x86_64 0.1.1 74.00 231.00 305.00 OK
r-oldrel-macos-arm64 0.1.1 72.00 NOTE
r-oldrel-macos-x86_64 0.1.1 103.00 NOTE
r-oldrel-windows-ix86+x86_64 0.1.1 27.00 237.00 264.00 OK

Check Details

Version: 0.1.1
Check: dependencies in R code
Result: NOTE
    Namespace in Imports field not imported from: ‘moonBook’
     All declared Imports should be used.
Flavors: r-devel-linux-x86_64-fedora-clang, r-devel-linux-x86_64-fedora-gcc, r-release-macos-arm64, r-release-macos-x86_64, r-oldrel-macos-arm64, r-oldrel-macos-x86_64