CRAN Package Check Results for Package intrinsicFRP

Last updated on 2023-09-30 10:57:10 CEST.

Flavor Version Tinstall Tcheck Ttotal Status Flags
r-devel-linux-x86_64-debian-clang 1.0.0 162.96 100.64 263.60 OK
r-devel-linux-x86_64-debian-gcc 1.0.0 113.89 79.16 193.05 OK
r-devel-linux-x86_64-fedora-clang 1.0.0 388.72 OK
r-devel-linux-x86_64-fedora-gcc 1.0.0 407.16 OK
r-devel-windows-x86_64 1.0.0 119.00 156.00 275.00 OK
r-patched-linux-x86_64 1.0.0 142.67 100.09 242.76 OK
r-release-linux-x86_64 1.0.0 165.41 99.77 265.18 OK
r-release-macos-arm64 1.0.0 98.00 NOTE
r-release-macos-x86_64 1.0.0 176.00 NOTE
r-release-windows-x86_64 1.0.0 161.00 143.00 304.00 OK
r-oldrel-macos-arm64 1.0.0 101.00 NOTE
r-oldrel-macos-x86_64 1.0.0 117.00 NOTE
r-oldrel-windows-x86_64 1.0.0 150.00 134.00 284.00 OK

Check Details

Version: 1.0.0
Check: installed package size
Result: NOTE
     installed size is 7.8Mb
     sub-directories of 1Mb or more:
     libs 7.5Mb
Flavors: r-release-macos-arm64, r-release-macos-x86_64, r-oldrel-macos-arm64, r-oldrel-macos-x86_64