CRAN Package Check Results for Package intrval

Last updated on 2020-07-15 08:49:25 CEST.

Flavor Version Tinstall Tcheck Ttotal Status Flags
r-devel-linux-x86_64-debian-clang 0.1-1 2.30 19.00 21.30 OK
r-devel-linux-x86_64-debian-gcc 0.1-1 1.80 15.09 16.89 OK
r-devel-linux-x86_64-fedora-clang 0.1-1 35.45 OK
r-devel-linux-x86_64-fedora-gcc 0.1-1 27.02 OK
r-devel-windows-ix86+x86_64 0.1-1 7.00 41.00 48.00 OK
r-patched-linux-x86_64 0.1-1 2.33 19.23 21.56 OK
r-patched-solaris-x86 0.1-1 38.70 OK
r-release-linux-x86_64 0.1-1 2.34 19.05 21.39 OK
r-release-macos-x86_64 0.1-1 ERROR
r-release-windows-ix86+x86_64 0.1-1 4.00 30.00 34.00 OK
r-oldrel-macos-x86_64 0.1-1 OK
r-oldrel-windows-ix86+x86_64 0.1-1 4.00 35.00 39.00 OK

Check Details

Version: 0.1-1
Check: whether package can be installed
Result: ERROR
    Installation failed.
Flavor: r-release-macos-x86_64