CRAN Package Check Results for Package intrval

Last updated on 2021-05-17 19:47:03 CEST.

Flavor Version Tinstall Tcheck Ttotal Status Flags
r-devel-linux-x86_64-debian-clang 0.1-2 2.13 35.39 37.52 NOTE
r-devel-linux-x86_64-debian-gcc 0.1-2 1.54 28.06 29.60 NOTE
r-devel-linux-x86_64-fedora-clang 0.1-2 54.68 NOTE
r-devel-linux-x86_64-fedora-gcc 0.1-2 44.07 NOTE
r-devel-windows-ix86+x86_64 0.1-2 5.00 37.00 42.00 NOTE
r-devel-windows-x86_64-gcc10-UCRT 0.1-2 NOTE
r-patched-linux-x86_64 0.1-2 2.02 34.77 36.79 NOTE
r-patched-solaris-x86 0.1-2 64.50 NOTE
r-release-linux-x86_64 0.1-2 1.91 34.26 36.17 OK
r-release-macos-x86_64 0.1-2 OK
r-release-windows-ix86+x86_64 0.1-2 5.00 41.00 46.00 OK
r-oldrel-macos-x86_64 0.1-2 OK
r-oldrel-windows-ix86+x86_64 0.1-2 3.00 33.00 36.00 OK

Check Details

Version: 0.1-2
Check: LazyData
Result: NOTE
     'LazyData' is specified without a 'data' directory
Flavors: r-devel-linux-x86_64-debian-clang, r-devel-linux-x86_64-debian-gcc, r-devel-linux-x86_64-fedora-clang, r-devel-linux-x86_64-fedora-gcc, r-devel-windows-ix86+x86_64, r-devel-windows-x86_64-gcc10-UCRT, r-patched-linux-x86_64, r-patched-solaris-x86