CRAN Package Check Results for Package intrval

Last updated on 2024-05-24 23:54:22 CEST.

Flavor Version Tinstall Tcheck Ttotal Status Flags
r-devel-linux-x86_64-debian-clang 0.1-2 2.61 39.09 41.70 NOTE
r-devel-linux-x86_64-debian-gcc 0.1-3 1.82 27.82 29.64 OK
r-devel-linux-x86_64-fedora-clang 0.1-3 34.46 OK
r-devel-linux-x86_64-fedora-gcc 0.1-3 33.98 OK
r-devel-windows-x86_64 0.1-3 7.00 46.00 53.00 OK
r-patched-linux-x86_64 0.1-3 2.11 36.31 38.42 OK
r-release-linux-x86_64 0.1-2 2.17 35.39 37.56 NOTE
r-release-macos-arm64 0.1-3 23.00 OK
r-release-macos-x86_64 0.1-3 47.00 OK
r-release-windows-x86_64 0.1-3 7.00 46.00 53.00 OK
r-oldrel-macos-arm64 0.1-3 25.00 OK
r-oldrel-macos-x86_64 0.1-3 51.00 OK
r-oldrel-windows-x86_64 0.1-3 6.00 51.00 57.00 OK

Check Details

Version: 0.1-2
Check: LazyData
Result: NOTE 'LazyData' is specified without a 'data' directory Flavors: r-devel-linux-x86_64-debian-clang, r-release-linux-x86_64