CRAN Package Check Results for Package intrval

Last updated on 2023-01-28 05:56:24 CET.

Flavor Version Tinstall Tcheck Ttotal Status Flags
r-devel-linux-x86_64-debian-clang 0.1-2 2.51 36.56 39.07 NOTE
r-devel-linux-x86_64-debian-gcc 0.1-2 1.96 28.00 29.96 NOTE
r-devel-linux-x86_64-fedora-clang 0.1-2 49.74 NOTE
r-devel-linux-x86_64-fedora-gcc 0.1-2 47.69 NOTE
r-devel-windows-x86_64 0.1-2 21.00 62.00 83.00 NOTE
r-patched-linux-x86_64 0.1-2 2.75 36.12 38.87 NOTE
r-release-linux-x86_64 0.1-2 2.48 36.04 38.52 NOTE
r-release-macos-arm64 0.1-2 20.00 NOTE
r-release-macos-x86_64 0.1-2 27.00 NOTE
r-release-windows-x86_64 0.1-2 7.00 59.00 66.00 NOTE
r-oldrel-macos-arm64 0.1-2 25.00 NOTE
r-oldrel-macos-x86_64 0.1-2 34.00 NOTE
r-oldrel-windows-ix86+x86_64 0.1-2 5.00 36.00 41.00 NOTE

Check Details

Version: 0.1-2
Check: LazyData
Result: NOTE
     'LazyData' is specified without a 'data' directory
Flavors: r-devel-linux-x86_64-debian-clang, r-devel-linux-x86_64-debian-gcc, r-devel-linux-x86_64-fedora-clang, r-devel-linux-x86_64-fedora-gcc, r-devel-windows-x86_64, r-patched-linux-x86_64, r-release-linux-x86_64, r-release-macos-arm64, r-release-macos-x86_64, r-release-windows-x86_64, r-oldrel-macos-arm64, r-oldrel-macos-x86_64, r-oldrel-windows-ix86+x86_64