Last updated on 2023-10-02 15:06:58 CEST.
Flavor | Version | Tinstall | Tcheck | Ttotal | Status | Flags |
---|---|---|---|---|---|---|
r-devel-linux-x86_64-debian-clang | 0.1-2 | 2.61 | 36.41 | 39.02 | NOTE | |
r-devel-linux-x86_64-debian-gcc | 0.1-2 | 1.91 | 27.87 | 29.78 | NOTE | |
r-devel-linux-x86_64-fedora-clang | 0.1-2 | 47.83 | NOTE | |||
r-devel-linux-x86_64-fedora-gcc | 0.1-2 | 48.09 | NOTE | |||
r-devel-windows-x86_64 | 0.1-2 | 3.00 | 46.00 | 49.00 | NOTE | |
r-patched-linux-x86_64 | 0.1-2 | 2.89 | 36.92 | 39.81 | NOTE | |
r-release-linux-x86_64 | 0.1-2 | 2.63 | 36.61 | 39.24 | NOTE | |
r-release-macos-arm64 | 0.1-2 | 20.00 | NOTE | |||
r-release-macos-x86_64 | 0.1-2 | 28.00 | NOTE | |||
r-release-windows-x86_64 | 0.1-2 | 3.00 | 57.00 | 60.00 | NOTE | |
r-oldrel-macos-arm64 | 0.1-2 | 21.00 | NOTE | |||
r-oldrel-macos-x86_64 | 0.1-2 | 27.00 | NOTE | |||
r-oldrel-windows-x86_64 | 0.1-2 | 7.00 | 59.00 | 66.00 | NOTE |
Version: 0.1-2
Check: LazyData
Result: NOTE
'LazyData' is specified without a 'data' directory
Flavors: r-devel-linux-x86_64-debian-clang, r-devel-linux-x86_64-debian-gcc, r-devel-linux-x86_64-fedora-clang, r-devel-linux-x86_64-fedora-gcc, r-devel-windows-x86_64, r-patched-linux-x86_64, r-release-linux-x86_64, r-release-macos-arm64, r-release-macos-x86_64, r-release-windows-x86_64, r-oldrel-macos-arm64, r-oldrel-macos-x86_64, r-oldrel-windows-x86_64