CRAN Package Check Results for Package intsurv

Last updated on 2020-12-05 07:49:16 CET.

Flavor Version Tinstall Tcheck Ttotal Status Flags
r-devel-linux-x86_64-debian-clang 0.2.1 223.85 50.04 273.89 OK
r-devel-linux-x86_64-debian-gcc 0.2.1 155.02 40.98 196.00 OK
r-devel-linux-x86_64-fedora-clang 0.2.1 382.39 NOTE
r-devel-linux-x86_64-fedora-gcc 0.2.1 344.72 OK
r-devel-windows-ix86+x86_64 0.2.1 446.00 103.00 549.00 OK
r-patched-linux-x86_64 0.2.1 172.56 47.67 220.23 OK
r-patched-solaris-x86 0.2.1 286.50 OK
r-release-linux-x86_64 0.2.1 177.97 46.68 224.65 OK
r-release-macos-x86_64 0.2.1 NOTE
r-release-windows-ix86+x86_64 0.2.1 350.00 127.00 477.00 OK
r-oldrel-macos-x86_64 0.2.1 NOTE
r-oldrel-windows-ix86+x86_64 0.2.1 417.00 114.00 531.00 OK

Check Details

Version: 0.2.1
Check: installed package size
Result: NOTE
     installed size is 15.6Mb
     sub-directories of 1Mb or more:
     libs 15.0Mb
Flavors: r-devel-linux-x86_64-fedora-clang, r-release-macos-x86_64, r-oldrel-macos-x86_64