CRAN Package Check Results for Package intubate

Last updated on 2020-05-26 08:49:22 CEST.

Flavor Version Tinstall Tcheck Ttotal Status Flags
r-devel-linux-x86_64-debian-clang 1.0.0 3.92 54.15 58.07 NOTE
r-devel-linux-x86_64-debian-gcc 1.0.0 2.39 41.87 44.26 NOTE
r-devel-linux-x86_64-fedora-clang 1.0.0 70.19 OK
r-devel-linux-x86_64-fedora-gcc 1.0.0 69.15 OK
r-devel-windows-ix86+x86_64 1.0.0 14.00 69.00 83.00 NOTE
r-patched-linux-x86_64 1.0.0 3.82 54.53 58.35 NOTE
r-patched-solaris-x86 1.0.0 87.80 OK
r-release-linux-x86_64 1.0.0 3.53 55.04 58.57 NOTE
r-release-osx-x86_64 1.0.0 OK
r-release-windows-ix86+x86_64 1.0.0 8.00 92.00 100.00 NOTE
r-oldrel-osx-x86_64 1.0.0 OK
r-oldrel-windows-ix86+x86_64 1.0.0 8.00 89.00 97.00 OK

Check Details

Version: 1.0.0
Check: package vignettes
Result: NOTE
    Package vignette with placeholder title 'Vignette Title':
     'intubate.Rmd'
Flavors: r-devel-linux-x86_64-debian-clang, r-devel-linux-x86_64-debian-gcc, r-devel-windows-ix86+x86_64, r-patched-linux-x86_64, r-release-linux-x86_64, r-release-windows-ix86+x86_64