CRAN Package Check Results for Package intubate

Last updated on 2019-10-19 11:46:55 CEST.

Flavor Version Tinstall Tcheck Ttotal Status Flags
r-devel-linux-x86_64-debian-clang 1.0.0 3.11 50.09 53.20 NOTE
r-devel-linux-x86_64-debian-gcc 1.0.0 2.58 38.70 41.28 NOTE
r-devel-linux-x86_64-fedora-clang 1.0.0 64.82 OK
r-devel-linux-x86_64-fedora-gcc 1.0.0 63.36 OK
r-devel-windows-ix86+x86_64 1.0.0 11.00 67.00 78.00 NOTE
r-patched-linux-x86_64 1.0.0 2.96 48.89 51.85 OK
r-patched-solaris-x86 1.0.0 81.00 OK
r-release-linux-x86_64 1.0.0 2.90 49.61 52.51 OK
r-release-windows-ix86+x86_64 1.0.0 7.00 84.00 91.00 OK
r-release-osx-x86_64 1.0.0 OK
r-oldrel-windows-ix86+x86_64 1.0.0 5.00 60.00 65.00 OK
r-oldrel-osx-x86_64 1.0.0 OK

Check Details

Version: 1.0.0
Check: package vignettes
Result: NOTE
    Package vignette with placeholder title 'Vignette Title':
     'intubate.Rmd'
Flavors: r-devel-linux-x86_64-debian-clang, r-devel-linux-x86_64-debian-gcc, r-devel-windows-ix86+x86_64