Last updated on 2021-02-27 15:48:18 CET.
Flavor | Version | Tinstall | Tcheck | Ttotal | Status | Flags |
---|---|---|---|---|---|---|
r-devel-linux-x86_64-debian-clang | 1.0 | 6.42 | 67.97 | 74.39 | OK | |
r-devel-linux-x86_64-debian-gcc | 1.0 | 6.33 | 51.35 | 57.68 | OK | |
r-devel-linux-x86_64-fedora-clang | 1.0 | 103.81 | NOTE | |||
r-devel-linux-x86_64-fedora-gcc | 1.0 | 91.46 | NOTE | |||
r-devel-windows-ix86+x86_64 | 1.0 | 13.00 | 65.00 | 78.00 | OK | |
r-patched-linux-x86_64 | 1.0 | 7.28 | 61.97 | 69.25 | OK | |
r-patched-solaris-x86 | 1.0 | 125.20 | NOTE | |||
r-release-linux-x86_64 | 1.0 | 6.89 | 62.76 | 69.65 | OK | |
r-release-macos-x86_64 | 1.0 | NOTE | ||||
r-release-windows-ix86+x86_64 | 1.0 | 19.00 | 92.00 | 111.00 | OK | |
r-oldrel-macos-x86_64 | 1.0 | NOTE | ||||
r-oldrel-windows-ix86+x86_64 | 1.0 | 10.00 | 82.00 | 92.00 | OK |
Version: 1.0
Check: dependencies in R code
Result: NOTE
Namespace in Imports field not imported from: ‘graphics’
All declared Imports should be used.
Flavors: r-devel-linux-x86_64-fedora-clang, r-devel-linux-x86_64-fedora-gcc, r-patched-solaris-x86, r-release-macos-x86_64, r-oldrel-macos-x86_64
Version: 1.0
Check: data for non-ASCII characters
Result: NOTE
Note: found 10234 marked UTF-8 strings
Flavors: r-devel-linux-x86_64-fedora-clang, r-devel-linux-x86_64-fedora-gcc, r-patched-solaris-x86, r-release-macos-x86_64, r-oldrel-macos-x86_64