CRAN Package Check Results for Package invacost

Last updated on 2024-02-28 15:49:25 CET.

Flavor Version Tinstall Tcheck Ttotal Status Flags
r-devel-linux-x86_64-debian-clang 1.1-6 6.17 69.58 75.75 OK
r-devel-linux-x86_64-debian-gcc 1.1-6 5.82 54.38 60.20 OK
r-devel-linux-x86_64-fedora-clang 1.1-6 97.37 NOTE
r-devel-linux-x86_64-fedora-gcc 1.1-6 91.91 NOTE
r-devel-windows-x86_64 1.1-6 7.00 73.00 80.00 OK
r-patched-linux-x86_64 1.1-6 5.82 67.00 72.82 OK
r-release-linux-x86_64 1.1-6 6.50 67.79 74.29 OK
r-release-macos-arm64 1.1-6 42.00 OK
r-release-macos-x86_64 1.1-6 68.00 OK
r-release-windows-x86_64 1.1-6 10.00 90.00 100.00 OK
r-oldrel-macos-arm64 1.1-6 208.00 OK
r-oldrel-windows-x86_64 1.1-6 11.00 91.00 102.00 OK

Check Details

Version: 1.1-6
Check: data for non-ASCII characters
Result: NOTE Note: found 12106 marked UTF-8 strings Flavors: r-devel-linux-x86_64-fedora-clang, r-devel-linux-x86_64-fedora-gcc