Last updated on 2023-01-30 04:52:24 CET.
Flavor | Version | Tinstall | Tcheck | Ttotal | Status | Flags |
---|---|---|---|---|---|---|
r-devel-linux-x86_64-debian-clang | 0.3.2 | 4.50 | 42.21 | 46.71 | OK | |
r-devel-linux-x86_64-debian-gcc | 0.3.2 | 4.18 | 32.53 | 36.71 | OK | |
r-devel-linux-x86_64-fedora-clang | 0.3.2 | 62.29 | OK | |||
r-devel-linux-x86_64-fedora-gcc | 0.3.2 | 56.68 | OK | |||
r-devel-windows-x86_64 | 0.3.2 | 28.00 | 79.00 | 107.00 | OK | |
r-patched-linux-x86_64 | 0.3.2 | 5.14 | 40.97 | 46.11 | OK | |
r-release-linux-x86_64 | 0.3.2 | 5.12 | 41.62 | 46.74 | OK | |
r-release-macos-arm64 | 0.3.2 | 21.00 | NOTE | |||
r-release-macos-x86_64 | 0.3.2 | 26.00 | OK | |||
r-release-windows-x86_64 | 0.3.2 | 26.00 | 78.00 | 104.00 | OK | |
r-oldrel-macos-arm64 | 0.3.2 | 24.00 | OK | |||
r-oldrel-macos-x86_64 | 0.3.2 | 35.00 | OK | |||
r-oldrel-windows-ix86+x86_64 | 0.3.2 | 10.00 | 79.00 | 89.00 | WARN |
Version: 0.3.2
Check: package dependencies
Result: NOTE
Package suggested but not available for checking: ‘rhdf5’
Flavor: r-release-macos-arm64
Version: 0.3.2
Check: for unstated dependencies in ‘tests’
Result: WARN
Warning: unable to access index for repository https://bioconductor.org/packages/3.14/bioc/src/contrib:
cannot open URL 'https://bioconductor.org/packages/3.14/bioc/src/contrib/PACKAGES'
Warning: unable to access index for repository https://bioconductor.org/packages/3.14/data/annotation/src/contrib:
cannot open URL 'https://bioconductor.org/packages/3.14/data/annotation/src/contrib/PACKAGES'
Warning: unable to access index for repository https://bioconductor.org/packages/3.14/data/experiment/src/contrib:
cannot open URL 'https://bioconductor.org/packages/3.14/data/experiment/src/contrib/PACKAGES'
Flavor: r-oldrel-windows-ix86+x86_64