CRAN Package Check Results for Package iotables

Last updated on 2019-09-17 08:49:14 CEST.

Flavor Version Tinstall Tcheck Ttotal Status Flags
r-devel-linux-x86_64-debian-clang 0.4.2 13.49 124.19 137.68 OK
r-devel-linux-x86_64-debian-gcc 0.4.2 OK
r-devel-linux-x86_64-fedora-clang 0.4.2 166.69 NOTE
r-devel-linux-x86_64-fedora-gcc 0.4.2 163.65 NOTE
r-devel-windows-ix86+x86_64 0.4.2 41.00 140.00 181.00 OK
r-patched-linux-x86_64 0.4.2 13.39 121.86 135.25 OK
r-patched-solaris-x86 0.4.2 236.70 NOTE
r-release-linux-x86_64 0.4.2 12.95 120.50 133.45 OK
r-release-windows-ix86+x86_64 0.4.2 36.00 193.00 229.00 OK
r-release-osx-x86_64 0.4.2 NOTE
r-oldrel-windows-ix86+x86_64 0.4.2 31.00 210.00 241.00 OK
r-oldrel-osx-x86_64 0.4.2 NOTE

Check Details

Version: 0.4.2
Check: data for non-ASCII characters
Result: NOTE
     Note: found 53206 marked UTF-8 strings
Flavors: r-devel-linux-x86_64-fedora-clang, r-devel-linux-x86_64-fedora-gcc, r-patched-solaris-x86, r-release-osx-x86_64, r-oldrel-osx-x86_64