CRAN Package Check Results for Package ip2location

Last updated on 2021-05-15 16:48:21 CEST.

Flavor Version Tinstall Tcheck Ttotal Status Flags
r-devel-linux-x86_64-debian-clang 8.0.0 6.85 59.94 66.79 OK
r-devel-linux-x86_64-debian-gcc 8.0.0 6.34 46.93 53.27 OK
r-devel-linux-x86_64-fedora-clang 8.0.0 91.99 NOTE
r-devel-linux-x86_64-fedora-gcc 8.0.0 78.32 NOTE
r-devel-windows-ix86+x86_64 8.0.0 24.00 77.00 101.00 OK
r-devel-windows-x86_64-gcc10-UCRT 8.0.0 NOTE
r-patched-linux-x86_64 8.0.0 6.46 58.50 64.96 OK
r-patched-solaris-x86 8.0.0 122.20 NOTE
r-release-linux-x86_64 8.0.0 7.80 56.15 63.95 OK
r-release-macos-x86_64 8.0.0 NOTE
r-release-windows-ix86+x86_64 8.0.0 13.00 80.00 93.00 OK
r-oldrel-macos-x86_64 8.0.0 NOTE
r-oldrel-windows-ix86+x86_64 8.0.0 11.00 79.00 90.00 OK

Check Details

Version: 8.0.0
Check: dependencies in R code
Result: NOTE
    Namespace in Imports field not imported from: ‘stringr’
     All declared Imports should be used.
Flavors: r-devel-linux-x86_64-fedora-clang, r-devel-linux-x86_64-fedora-gcc, r-devel-windows-x86_64-gcc10-UCRT, r-patched-solaris-x86, r-release-macos-x86_64, r-oldrel-macos-x86_64