CRAN Package Check Results for Package ip2proxy

Last updated on 2021-09-24 03:50:55 CEST.

Flavor Version Tinstall Tcheck Ttotal Status Flags
r-devel-linux-x86_64-debian-clang 1.1.0 7.40 61.96 69.36 OK
r-devel-linux-x86_64-debian-gcc 1.1.0 5.86 47.68 53.54 OK
r-devel-linux-x86_64-fedora-clang 1.1.0 91.10 NOTE
r-devel-linux-x86_64-fedora-gcc 1.1.0 79.86 NOTE
r-devel-windows-x86_64 1.1.0 9.00 62.00 71.00 OK
r-devel-windows-x86_64-gcc10-UCRT 1.1.0 NOTE
r-patched-linux-x86_64 1.1.0 6.74 59.41 66.15 OK
r-patched-solaris-x86 1.1.0 123.30 NOTE
r-release-linux-x86_64 1.1.0 6.79 58.78 65.57 OK
r-release-macos-arm64 1.1.0 NOTE
r-release-macos-x86_64 1.1.0 NOTE
r-release-windows-ix86+x86_64 1.1.0 16.00 59.00 75.00 OK
r-oldrel-macos-x86_64 1.1.0 NOTE
r-oldrel-windows-ix86+x86_64 1.1.0 13.00 56.00 69.00 OK

Check Details

Version: 1.1.0
Check: dependencies in R code
Result: NOTE
    Namespace in Imports field not imported from: ‘stringr’
     All declared Imports should be used.
Flavors: r-devel-linux-x86_64-fedora-clang, r-devel-linux-x86_64-fedora-gcc, r-devel-windows-x86_64-gcc10-UCRT, r-patched-solaris-x86, r-release-macos-arm64, r-release-macos-x86_64, r-oldrel-macos-x86_64