CRAN Package Check Results for Package ipa

Last updated on 2022-08-17 17:50:21 CEST.

Flavor Version Tinstall Tcheck Ttotal Status Flags
r-devel-linux-x86_64-debian-clang 0.1.0 1.89 24.07 25.96 NOTE
r-devel-linux-x86_64-debian-gcc 0.1.0 NOTE
r-devel-linux-x86_64-fedora-clang 0.1.0 42.36 NOTE
r-devel-linux-x86_64-fedora-gcc 0.1.0 41.26 NOTE
r-devel-windows-x86_64 0.1.0 7.00 46.00 53.00 NOTE
r-patched-linux-x86_64 0.1.0 1.80 22.96 24.76 NOTE
r-release-linux-x86_64 0.1.0 1.72 23.20 24.92 NOTE
r-release-macos-arm64 0.1.0 16.00 NOTE
r-release-macos-x86_64 0.1.0 21.00 NOTE
r-release-windows-x86_64 0.1.0 9.00 50.00 59.00 NOTE
r-oldrel-macos-arm64 0.1.0 20.00 NOTE
r-oldrel-macos-x86_64 0.1.0 28.00 NOTE
r-oldrel-windows-ix86+x86_64 0.1.0 5.00 47.00 52.00 NOTE

Check Details

Version: 0.1.0
Check: LazyData
Result: NOTE
     'LazyData' is specified without a 'data' directory
Flavors: r-devel-linux-x86_64-debian-clang, r-devel-linux-x86_64-debian-gcc, r-devel-linux-x86_64-fedora-clang, r-devel-linux-x86_64-fedora-gcc, r-devel-windows-x86_64, r-patched-linux-x86_64, r-release-linux-x86_64, r-release-macos-arm64, r-release-macos-x86_64, r-release-windows-x86_64, r-oldrel-macos-arm64, r-oldrel-macos-x86_64, r-oldrel-windows-ix86+x86_64