CRAN Package Check Results for Package ipeadatar

Last updated on 2019-12-15 04:46:33 CET.

Flavor Version Tinstall Tcheck Ttotal Status Flags
r-devel-linux-x86_64-debian-clang 0.1.0 2.24 21.03 23.27 OK
r-devel-linux-x86_64-debian-gcc 0.1.0 1.93 16.99 18.92 OK
r-devel-linux-x86_64-fedora-clang 0.1.0 29.82 NOTE
r-devel-linux-x86_64-fedora-gcc 0.1.0 29.03 NOTE
r-devel-windows-ix86+x86_64 0.1.0 5.00 48.00 53.00 OK
r-devel-windows-ix86+x86_64-gcc8 0.1.0 6.00 55.00 61.00 OK
r-patched-linux-x86_64 0.1.0 1.79 19.48 21.27 OK
r-patched-solaris-x86 0.1.0 41.20 NOTE
r-release-linux-x86_64 0.1.0 1.99 19.61 21.60 OK
r-release-windows-ix86+x86_64 0.1.0 4.00 38.00 42.00 OK
r-release-osx-x86_64 0.1.0 NOTE
r-oldrel-windows-ix86+x86_64 0.1.0 2.00 34.00 36.00 OK
r-oldrel-osx-x86_64 0.1.0 NOTE

Check Details

Version: 0.1.0
Check: dependencies in R code
Result: NOTE
    Namespace in Imports field not imported from: ‘curl’
     All declared Imports should be used.
Flavors: r-devel-linux-x86_64-fedora-clang, r-devel-linux-x86_64-fedora-gcc, r-patched-solaris-x86, r-release-osx-x86_64, r-oldrel-osx-x86_64