CRAN Package Check Results for Package ipeadatar

Last updated on 2021-03-08 03:52:23 CET.

Flavor Version Tinstall Tcheck Ttotal Status Flags
r-devel-linux-x86_64-debian-clang 0.1.1 2.32 25.03 27.35 OK
r-devel-linux-x86_64-debian-gcc 0.1.1 1.87 19.47 21.34 OK
r-devel-linux-x86_64-fedora-clang 0.1.1 42.80 NOTE
r-devel-linux-x86_64-fedora-gcc 0.1.1 32.35 NOTE
r-devel-windows-ix86+x86_64 0.1.1 7.00 51.00 58.00 OK
r-devel-windows-x86_64-gcc10-UCRT 0.1.1 NOTE
r-patched-linux-x86_64 0.1.1 2.27 24.15 26.42 OK
r-patched-solaris-x86 0.1.1 50.40 NOTE
r-release-linux-x86_64 0.1.1 2.36 24.45 26.81 OK
r-release-macos-x86_64 0.1.1 NOTE
r-release-windows-ix86+x86_64 0.1.1 5.00 39.00 44.00 OK
r-oldrel-macos-x86_64 0.1.1 NOTE
r-oldrel-windows-ix86+x86_64 0.1.1 3.00 34.00 37.00 OK

Check Details

Version: 0.1.1
Check: dependencies in R code
Result: NOTE
    Namespace in Imports field not imported from: ‘curl’
     All declared Imports should be used.
Flavors: r-devel-linux-x86_64-fedora-clang, r-devel-linux-x86_64-fedora-gcc, r-devel-windows-x86_64-gcc10-UCRT, r-patched-solaris-x86, r-release-macos-x86_64, r-oldrel-macos-x86_64