CRAN Package Check Results for Package ipeadatar

Last updated on 2019-08-23 02:47:30 CEST.

Flavor Version Tinstall Tcheck Ttotal Status Flags
r-devel-linux-x86_64-debian-clang 0.1.0 2.32 20.31 22.63 OK
r-devel-linux-x86_64-debian-gcc 0.1.0 1.96 16.75 18.71 OK
r-devel-linux-x86_64-fedora-clang 0.1.0 29.15 NOTE
r-devel-linux-x86_64-fedora-gcc 0.1.0 27.56 NOTE
r-devel-windows-ix86+x86_64 0.1.0 9.00 50.00 59.00 OK
r-patched-linux-x86_64 0.1.0 1.73 20.20 21.93 OK
r-patched-solaris-x86 0.1.0 46.10 NOTE
r-release-linux-x86_64 0.1.0 2.03 20.14 22.17 OK
r-release-windows-ix86+x86_64 0.1.0 7.00 49.00 56.00 OK
r-release-osx-x86_64 0.1.0 NOTE
r-oldrel-windows-ix86+x86_64 0.1.0 5.00 53.00 58.00 OK
r-oldrel-osx-x86_64 0.1.0 NOTE

Check Details

Version: 0.1.0
Check: dependencies in R code
Result: NOTE
    Namespace in Imports field not imported from: ‘curl’
     All declared Imports should be used.
Flavors: r-devel-linux-x86_64-fedora-clang, r-devel-linux-x86_64-fedora-gcc, r-patched-solaris-x86, r-release-osx-x86_64, r-oldrel-osx-x86_64