CRAN Package Check Results for Package ipeadatar

Last updated on 2020-05-29 05:50:50 CEST.

Flavor Version Tinstall Tcheck Ttotal Status Flags
r-devel-linux-x86_64-debian-clang 0.1.1 2.44 19.95 22.39 ERROR
r-devel-linux-x86_64-debian-gcc 0.1.1 1.70 17.50 19.20 OK
r-devel-linux-x86_64-fedora-clang 0.1.1 37.54 NOTE
r-devel-linux-x86_64-fedora-gcc 0.1.1 28.69 NOTE
r-devel-windows-ix86+x86_64 0.1.1 9.00 86.00 95.00 OK
r-patched-linux-x86_64 0.1.1 2.34 21.81 24.15 OK
r-patched-solaris-x86 0.1.1 43.80 NOTE
r-release-linux-x86_64 0.1.1 2.04 19.80 21.84 ERROR
r-release-osx-x86_64 0.1.1 NOTE
r-release-windows-ix86+x86_64 0.1.1 7.00 37.00 44.00 OK
r-oldrel-osx-x86_64 0.1.1 NOTE
r-oldrel-windows-ix86+x86_64 0.1.1 4.00 40.00 44.00 OK

Check Details

Version: 0.1.1
Check: examples
Result: ERROR
    Running examples in 'ipeadatar-Ex.R' failed
    The error most likely occurred in:
    
    > base::assign(".ptime", proc.time(), pos = "CheckExEnv")
    > ### Name: available_subjects
    > ### Title: List with available subjects
    > ### Aliases: available_subjects
    >
    > ### ** Examples
    >
    > # Available subjects (in English)
    > all_subjects <- available_subjects()
    Error in open.connection(con, "rb") : HTTP error 500.
    Calls: available_subjects ... parse_and_simplify -> parseJSON -> parse_con -> open -> open.connection
    Execution halted
Flavor: r-devel-linux-x86_64-debian-clang

Version: 0.1.1
Check: dependencies in R code
Result: NOTE
    Namespace in Imports field not imported from: ‘curl’
     All declared Imports should be used.
Flavors: r-devel-linux-x86_64-fedora-clang, r-devel-linux-x86_64-fedora-gcc, r-patched-solaris-x86, r-release-osx-x86_64, r-oldrel-osx-x86_64

Version: 0.1.1
Check: examples
Result: ERROR
    Running examples in ‘ipeadatar-Ex.R’ failed
    The error most likely occurred in:
    
    > base::assign(".ptime", proc.time(), pos = "CheckExEnv")
    > ### Name: available_subjects
    > ### Title: List with available subjects
    > ### Aliases: available_subjects
    >
    > ### ** Examples
    >
    > # Available subjects (in English)
    > all_subjects <- available_subjects()
    Error in open.connection(con, "rb") : HTTP error 502.
    Calls: available_subjects ... parse_and_simplify -> parseJSON -> parse_con -> open -> open.connection
    Execution halted
Flavor: r-release-linux-x86_64