CRAN Package Check Results for Package ipeadatar

Last updated on 2019-10-14 05:46:59 CEST.

Flavor Version Tinstall Tcheck Ttotal Status Flags
r-devel-linux-x86_64-debian-clang 0.1.0 2.34 19.51 21.85 OK
r-devel-linux-x86_64-debian-gcc 0.1.0 1.74 15.72 17.46 OK
r-devel-linux-x86_64-fedora-clang 0.1.0 27.47 NOTE
r-devel-linux-x86_64-fedora-gcc 0.1.0 26.56 NOTE
r-devel-windows-ix86+x86_64 0.1.0 6.00 55.00 61.00 OK
r-patched-linux-x86_64 0.1.0 1.83 19.42 21.25 OK
r-patched-solaris-x86 0.1.0 41.60 NOTE
r-release-linux-x86_64 0.1.0 1.81 19.41 21.22 OK
r-release-windows-ix86+x86_64 0.1.0 7.00 34.00 41.00 OK
r-release-osx-x86_64 0.1.0 NOTE
r-oldrel-windows-ix86+x86_64 0.1.0 3.00 33.00 36.00 OK
r-oldrel-osx-x86_64 0.1.0 NOTE

Check Details

Version: 0.1.0
Check: dependencies in R code
Result: NOTE
    Namespace in Imports field not imported from: ‘curl’
     All declared Imports should be used.
Flavors: r-devel-linux-x86_64-fedora-clang, r-devel-linux-x86_64-fedora-gcc, r-patched-solaris-x86, r-release-osx-x86_64, r-oldrel-osx-x86_64