Last updated on 2023-11-29 15:50:19 CET.
Flavor | Version | Tinstall | Tcheck | Ttotal | Status | Flags |
---|---|---|---|---|---|---|
r-devel-linux-x86_64-debian-clang | 1.0.2 | 6.23 | 173.05 | 179.28 | NOTE | |
r-devel-linux-x86_64-debian-gcc | 1.0.2 | 4.80 | 129.26 | 134.06 | NOTE | |
r-devel-linux-x86_64-fedora-clang | 1.0.2 | 215.37 | NOTE | |||
r-devel-linux-x86_64-fedora-gcc | 1.0.2 | 219.01 | NOTE | |||
r-devel-windows-x86_64 | 1.0.2 | 6.00 | 132.00 | 138.00 | NOTE | |
r-patched-linux-x86_64 | 1.0.2 | 6.71 | 164.92 | 171.63 | NOTE | |
r-release-linux-x86_64 | 1.0.2 | 3.96 | 164.55 | 168.51 | NOTE | |
r-release-macos-arm64 | 1.0.2 | 79.00 | NOTE | |||
r-release-macos-x86_64 | 1.0.2 | 121.00 | NOTE | |||
r-release-windows-x86_64 | 1.0.2 | 8.00 | 184.00 | 192.00 | NOTE | |
r-oldrel-macos-arm64 | 1.0.2 | 57.00 | NOTE | |||
r-oldrel-macos-x86_64 | 1.0.2 | 146.00 | NOTE | |||
r-oldrel-windows-x86_64 | 1.0.2 | 10.00 | 172.00 | 182.00 | NOTE |
Version: 1.0.2
Check: LazyData
Result: NOTE
'LazyData' is specified without a 'data' directory
Flavors: r-devel-linux-x86_64-debian-clang, r-devel-linux-x86_64-debian-gcc, r-devel-linux-x86_64-fedora-clang, r-devel-linux-x86_64-fedora-gcc, r-devel-windows-x86_64, r-patched-linux-x86_64, r-release-linux-x86_64, r-release-macos-arm64, r-release-macos-x86_64, r-release-windows-x86_64, r-oldrel-macos-arm64, r-oldrel-macos-x86_64, r-oldrel-windows-x86_64