CRAN Package Check Results for Package iprior

Last updated on 2019-08-23 02:47:30 CEST.

Flavor Version Tinstall Tcheck Ttotal Status Flags
r-devel-linux-x86_64-debian-clang 0.7.3 65.73 79.54 145.27 OK
r-devel-linux-x86_64-debian-gcc 0.7.3 49.52 61.95 111.47 OK
r-devel-linux-x86_64-fedora-clang 0.7.3 197.60 NOTE
r-devel-linux-x86_64-fedora-gcc 0.7.3 189.43 OK
r-devel-windows-ix86+x86_64 0.7.3 155.00 163.00 318.00 OK
r-patched-linux-x86_64 0.7.3 56.01 78.16 134.17 OK
r-patched-solaris-x86 0.7.3 198.40 OK
r-release-linux-x86_64 0.7.3 58.06 78.84 136.90 OK
r-release-windows-ix86+x86_64 0.7.3 170.00 158.00 328.00 OK
r-release-osx-x86_64 0.7.3 NOTE
r-oldrel-windows-ix86+x86_64 0.7.3 139.00 164.00 303.00 OK
r-oldrel-osx-x86_64 0.7.3 NOTE

Check Details

Version: 0.7.3
Check: installed package size
Result: NOTE
     installed size is 8.7Mb
     sub-directories of 1Mb or more:
     libs 7.4Mb
Flavors: r-devel-linux-x86_64-fedora-clang, r-release-osx-x86_64, r-oldrel-osx-x86_64