CRAN Package Check Results for Package iprior

Last updated on 2020-05-26 07:49:14 CEST.

Flavor Version Tinstall Tcheck Ttotal Status Flags
r-devel-linux-x86_64-debian-clang 0.7.3 76.65 84.65 161.30 OK
r-devel-linux-x86_64-debian-gcc 0.7.3 57.29 66.10 123.39 OK
r-devel-linux-x86_64-fedora-clang 0.7.3 220.10 NOTE
r-devel-linux-x86_64-fedora-gcc 0.7.3 206.74 OK
r-devel-windows-ix86+x86_64 0.7.3 193.00 138.00 331.00 OK
r-patched-linux-x86_64 0.7.3 65.60 85.07 150.67 OK
r-patched-solaris-x86 0.7.3 198.30 OK
r-release-linux-x86_64 0.7.3 62.34 84.04 146.38 OK
r-release-osx-x86_64 0.7.3 NOTE
r-release-windows-ix86+x86_64 0.7.3 162.00 183.00 345.00 OK
r-oldrel-osx-x86_64 0.7.3 NOTE
r-oldrel-windows-ix86+x86_64 0.7.3 141.00 166.00 307.00 OK

Check Details

Version: 0.7.3
Check: installed package size
Result: NOTE
     installed size is 9.1Mb
     sub-directories of 1Mb or more:
     libs 7.8Mb
Flavors: r-devel-linux-x86_64-fedora-clang, r-release-osx-x86_64, r-oldrel-osx-x86_64