CRAN Package Check Results for Package iptools

Last updated on 2019-04-22 02:53:36 CEST.

Flavor Version Tinstall Tcheck Ttotal Status Flags
r-devel-linux-x86_64-debian-clang 0.6.1 39.52 38.50 78.02 OK
r-devel-linux-x86_64-debian-gcc 0.6.1 30.32 30.66 60.98 OK
r-devel-linux-x86_64-fedora-clang 0.6.1 107.72 NOTE
r-devel-linux-x86_64-fedora-gcc 0.6.1 106.26 NOTE
r-devel-windows-ix86+x86_64 0.6.1 108.00 81.00 189.00 OK
r-patched-linux-x86_64 0.6.1 39.42 37.67 77.09 OK
r-release-linux-x86_64 0.6.1 41.28 33.87 75.15 OK
r-release-windows-ix86+x86_64 0.6.1 86.00 98.00 184.00 OK
r-release-osx-x86_64 0.6.1 NOTE
r-oldrel-windows-ix86+x86_64 0.6.1 123.00 112.00 235.00 OK
r-oldrel-osx-x86_64 0.6.1 NOTE

Additional issues

clang-UBSAN

Check Details

Version: 0.6.1
Check: data for non-ASCII characters
Result: NOTE
     Note: found 12 marked UTF-8 strings
Flavors: r-devel-linux-x86_64-fedora-clang, r-devel-linux-x86_64-fedora-gcc, r-release-osx-x86_64, r-oldrel-osx-x86_64