CRAN Package Check Results for Package iptools

Last updated on 2019-06-27 08:49:12 CEST.

Flavor Version Tinstall Tcheck Ttotal Status Flags
r-devel-linux-x86_64-debian-clang 0.6.1 37.35 38.85 76.20 OK
r-devel-linux-x86_64-debian-gcc 0.6.1 32.12 30.75 62.87 OK
r-devel-linux-x86_64-fedora-clang 0.6.1 107.75 NOTE
r-devel-linux-x86_64-fedora-gcc 0.6.1 101.22 NOTE
r-devel-windows-ix86+x86_64 0.6.1 142.00 83.00 225.00 OK
r-patched-linux-x86_64 0.6.1 36.64 38.16 74.80 OK
r-release-linux-x86_64 0.6.1 36.75 38.16 74.91 OK
r-release-windows-ix86+x86_64 0.6.1 97.00 104.00 201.00 OK
r-release-osx-x86_64 0.6.1 NOTE
r-oldrel-windows-ix86+x86_64 0.6.1 84.00 77.00 161.00 OK
r-oldrel-osx-x86_64 0.6.1 NOTE

Additional issues

clang-UBSAN

Check Details

Version: 0.6.1
Check: data for non-ASCII characters
Result: NOTE
     Note: found 12 marked UTF-8 strings
Flavors: r-devel-linux-x86_64-fedora-clang, r-devel-linux-x86_64-fedora-gcc, r-release-osx-x86_64, r-oldrel-osx-x86_64