CRAN Package Check Results for Package iq

Last updated on 2020-11-27 01:47:12 CET.

Flavor Version Tinstall Tcheck Ttotal Status Flags
r-devel-linux-x86_64-debian-clang 1.9 25.69 33.97 59.66 OK
r-devel-linux-x86_64-debian-gcc 1.9 29.00 29.27 58.27 OK
r-devel-linux-x86_64-fedora-clang 1.9 76.98 NOTE
r-devel-linux-x86_64-fedora-gcc 1.9 64.85 OK
r-devel-windows-ix86+x86_64 1.9 38.00 50.00 88.00 OK
r-patched-linux-x86_64 1.9 41.82 33.56 75.38 OK
r-patched-solaris-x86 1.9 108.70 OK
r-release-linux-x86_64 1.9 42.13 35.12 77.25 OK
r-release-macos-x86_64 1.9 NOTE
r-release-windows-ix86+x86_64 1.9 39.00 59.00 98.00 OK
r-oldrel-macos-x86_64 1.9 NOTE
r-oldrel-windows-ix86+x86_64 1.9 33.00 63.00 96.00 OK

Check Details

Version: 1.9
Check: installed package size
Result: NOTE
     installed size is 6.6Mb
     sub-directories of 1Mb or more:
     libs 6.0Mb
Flavors: r-devel-linux-x86_64-fedora-clang, r-release-macos-x86_64, r-oldrel-macos-x86_64