CRAN Package Check Results for Package iqLearn

Last updated on 2022-06-27 15:53:46 CEST.

Flavor Version Tinstall Tcheck Ttotal Status Flags
r-devel-linux-x86_64-debian-clang 1.5 3.53 41.46 44.99 OK
r-devel-linux-x86_64-debian-gcc 1.5 2.45 32.15 34.60 OK
r-devel-linux-x86_64-fedora-clang 1.5 59.47 WARN
r-devel-linux-x86_64-fedora-gcc 1.5 58.85 WARN
r-devel-windows-x86_64 1.5 30.00 101.00 131.00 OK
r-patched-linux-x86_64 1.5 3.44 39.57 43.01 OK
r-release-linux-x86_64 1.5 2.56 39.79 42.35 OK
r-release-macos-arm64 1.5 24.00 OK
r-release-macos-x86_64 1.5 33.00 OK
r-release-windows-x86_64 1.5 10.00 91.00 101.00 OK
r-oldrel-macos-arm64 1.5 35.00 OK
r-oldrel-macos-x86_64 1.5 46.00 OK
r-oldrel-windows-ix86+x86_64 1.5 6.00 46.00 52.00 OK

Check Details

Version: 1.5
Check: re-building of vignette outputs
Result: WARN
    Error(s) in re-building vignettes:
    --- re-building ‘iqLearn.Rnw’ using Sweave
    Error: processing vignette 'iqLearn.Rnw' failed with diagnostics:
    Running 'texi2dvi' on 'iqLearn.tex' failed.
    LaTeX errors:
    ! Argument of <c2> has an extra }.
    <inserted text>
     \par
    l.60 \section{Introduction}
    
    ! Paragraph ended before <c2> was complete.
    <to be read again>
     \par
    l.60 \section{Introduction}
    
    ! Argument of <c3> has an extra }.
    <inserted text>
     \par
    l.60 \section{Introduction}
    
    ! Paragraph ended before <c3> was complete.
    <to be read again>
     \par
    l.60 \section{Introduction}
    
    ! Argument of <c4> has an extra }.
    <inserted text>
     \par
    l.60 \section{Introduction}
    
    ! Paragraph ended before <c4> was complete.
    <to be read again>
     \par
    l.60 \section{Introduction}
    
    ! Argument of <c5> has an extra }.
    <inserted text>
     \par
    l.60 \section{Introduction}
    
    ! Paragraph ended before <c5> was complete.
    <to be read again>
     \par
    l.60 \section{Introduction}
    
    ! Argument of <c6> has an extra }.
    <inserted text>
     \par
    l.60 \section{Introduction}
    
    ! Paragraph ended before <c6> was complete.
    <to be read again>
     \par
    l.60 \section{Introduction}
    
    ! Argument of <c7> has an extra }.
    <inserted text>
     \par
    l.60 \section{Introduction}
    
    ! Paragraph ended before <c7> was complete.
    <to be read again>
     \par
    l.60 \section{Introduction}
    
    ! Argument of <c8> has an extra }.
    <inserted text>
     \par
    l.60 \section{Introduction}
    
    ! Paragraph ended before <c8> was complete.
    <to be read again>
     \par
    l.60 \section{Introduction}
    
    ! Argument of <c9> has an extra }.
    <inserted text>
     \par
    l.60 \section{Introduction}
    
    ! Paragraph ended before <c9> was complete.
    <to be read again>
     \par
    l.60 \section{Introduction}
    
    ! Argument of <ca> has an extra }.
    <inserted text>
     \par
    l.60 \section{Introduction}
    
    ! Paragraph ended before <ca> was complete.
    <to be read again>
     \par
    l.60 \section{Introduction}
    
    ! Argument of <cb> has an extra }.
    <inserted text>
     \par
    l.60 \section{Introduction}
    
    ! Paragraph ended before <cb> was complete.
    <to be read again>
     \par
    l.60 \section{Introduction}
    
    ! Argument of <cc> has an extra }.
    <inserted text>
     \par
    l.60 \section{Introduction}
    
    ! Paragraph ended before <cc> was complete.
    <to be read again>
     \par
    l.60 \section{Introduction}
    
    ! Argument of <cd> has an extra }.
    <inserted text>
     \par
    l.60 \section{Introduction}
    
    ! Paragraph ended before <cd> was complete.
    <to be read again>
     \par
    l.60 \section{Introduction}
    
    ! Argument of <ce> has an extra }.
    <inserted text>
     \par
    l.60 \section{Introduction}
    
    ! Paragraph ended before <ce> was complete.
    <to be read again>
     \par
    l.60 \section{Introduction}
    
    ! Argument of <cf> has an extra }.
    <inserted text>
     \par
    l.60 \section{Introduction}
    
    ! Paragraph ended before <cf> was complete.
    <to be read again>
     \par
    l.60 \section{Introduction}
    
    ! Argument of <d0> has an extra }.
    <inserted text>
     \par
    l.60 \section{Introduction}
    
    ! Paragraph ended before <d0> was complete.
    <to be read again>
     \par
    l.60 \section{Introduction}
    
    ! Argument of <d1> has an extra }.
    <inserted text>
     \par
    l.60 \section{Introduction}
    
    ! Paragraph ended before <d1> was complete.
    <to be read again>
     \par
    l.60 \section{Introduction}
    
    ! Argument of <d2> has an extra }.
    <inserted text>
     \par
    l.60 \section{Introduction}
    
    ! Paragraph ended before <d2> was complete.
    <to be read again>
     \par
    l.60 \section{Introduction}
    
    ! Argument of <d3> has an extra }.
    <inserted text>
     \par
    l.60 \section{Introduction}
    
    ! Paragraph ended before <d3> was complete.
    <to be read again>
     \par
    l.60 \section{Introduction}
    
    ! Argument of <d4> has an extra }.
    <inserted text>
     \par
    l.60 \section{Introduction}
    
    ! Paragraph ended before <d4> was complete.
    <to be read again>
     \par
    l.60 \section{Introduction}
    
    ! Argument of <d5> has an extra }.
    <inserted text>
     \par
    l.60 \section{Introduction}
    
    ! Paragraph ended before <d5> was complete.
    <to be read again>
     \par
    l.60 \section{Introduction}
    
    ! Argument of <d6> has an extra }.
    <inserted text>
     \par
    l.60 \section{Introduction}
    
    ! Paragraph ended before <d6> was complete.
    <to be read again>
     \par
    l.60 \section{Introduction}
    
    ! Argument of <d7> has an extra }.
    <inserted text>
     \par
    l.60 \section{Introduction}
    
    ! Paragraph ended before <d7> was complete.
    <to be read again>
     \par
    l.60 \section{Introduction}
    
    ! Argument of <d8> has an extra }.
    <inserted text>
     \par
    l.60 \section{Introduction}
    
    ! Paragraph ended before <d8> was complete.
    <to be read again>
     \par
    l.60 \section{Introduction}
    
    ! Argument of <d9> has an extra }.
    <inserted text>
     \par
    l.60 \section{Introduction}
    
    ! Paragraph ended before <d9> was complete.
    <to be read again>
     \par
    l.60 \section{Introduction}
    
    ! Argument of <da> has an extra }.
    <inserted text>
     \par
    l.60 \section{Introduction}
    
    ! Paragraph ended before <da> was complete.
    <to be read again>
     \par
    l.60 \section{Introduction}
    
    ! Argument of <db> has an extra }.
    <inserted text>
     \par
    l.60 \section{Introduction}
    
    ! Paragraph ended before <db> was complete.
    <to be read again>
     \par
    l.60 \section{Introduction}
    
    ! Argument of <dc> has an extra }.
    <inserted text>
     \par
    l.60 \section{Introduction}
    
    ! Paragraph ended before <dc> was complete.
    <to be read again>
     \par
    l.60 \section{Introduction}
    
    ! Argument of <dd> has an extra }.
    <inserted text>
     \par
    l.60 \section{Introduction}
    
    ! Paragraph ended before <dd> was complete.
    <to be read again>
     \par
    l.60 \section{Introduction}
    
    ! Argument of <de> has an extra }.
    <inserted text>
     \par
    l.60 \section{Introduction}
    
    ! Paragraph ended before <de> was complete.
    <to be read again>
     \par
    l.60 \section{Introduction}
    
    ! Argument of <df> has an extra }.
    <inserted text>
     \par
    l.60 \section{Introduction}
    
    ! Paragraph ended before <d
    --- failed re-building ‘iqLearn.Rnw’
    
    SUMMARY: processing the following file failed:
     ‘iqLearn.Rnw’
    
    Error: Vignette re-building failed.
    Execution halted
Flavors: r-devel-linux-x86_64-fedora-clang, r-devel-linux-x86_64-fedora-gcc