CRAN Package Check Results for Package irace

Last updated on 2024-07-18 22:49:57 CEST.

Flavor Version Tinstall Tcheck Ttotal Status Flags
r-devel-linux-x86_64-debian-clang 3.5 9.91 114.28 124.19 OK
r-devel-linux-x86_64-debian-gcc 3.5 8.56 86.11 94.67 OK
r-devel-linux-x86_64-fedora-clang 3.5 155.51 OK
r-devel-linux-x86_64-fedora-gcc 3.5 161.21 OK
r-devel-windows-x86_64 3.5 11.00 130.00 141.00 OK
r-patched-linux-x86_64 3.5 9.65 110.08 119.73 OK
r-release-linux-x86_64 3.5 8.97 111.66 120.63 OK
r-release-macos-arm64 3.5 50.00 NOTE
r-release-macos-x86_64 3.5 75.00 WARN
r-release-windows-x86_64 3.5 11.00 128.00 139.00 OK
r-oldrel-macos-arm64 3.5 55.00 NOTE
r-oldrel-macos-x86_64 3.5 134.00 NOTE
r-oldrel-windows-x86_64 3.5 12.00 149.00 161.00 OK

Check Details

Version: 3.5
Check: package dependencies
Result: NOTE Package suggested but not available for checking: ‘Rmpi’ Flavors: r-release-macos-arm64, r-release-macos-x86_64, r-oldrel-macos-arm64, r-oldrel-macos-x86_64

Version: 3.5
Check: re-building of vignette outputs
Result: WARN Error(s) in re-building vignettes: ... --- re-building ‘irace-package.Rnw’ using knitr Error: processing vignette 'irace-package.Rnw' failed with diagnostics: Running 'texi2dvi' on 'irace-package.tex' failed. LaTeX errors: ! Undefined control sequence. l.408 \hlkwd{install.packages}\hldef {(}\hlsng{"irace"}\hldef{)} ? ! Emergency stop. ! Emergency stop. l.408 End of file on the terminal! ! ==> Fatal error occurred, no output PDF file produced! --- failed re-building ‘irace-package.Rnw’ SUMMARY: processing the following file failed: ‘irace-package.Rnw’ Error: Vignette re-building failed. Execution halted Flavor: r-release-macos-x86_64