CRAN Package Check Results for Package ircor

Last updated on 2021-10-18 23:49:35 CEST.

Flavor Version Tinstall Tcheck Ttotal Status Flags
r-devel-linux-x86_64-debian-clang 1.0 1.87 21.58 23.45 NOTE
r-devel-linux-x86_64-debian-gcc 1.0 1.69 17.10 18.79 NOTE
r-devel-linux-x86_64-fedora-clang 1.0 38.95 NOTE
r-devel-linux-x86_64-fedora-gcc 1.0 27.93 NOTE
r-devel-windows-x86_64 1.0 4.00 39.00 43.00 NOTE
r-devel-windows-x86_64-gcc10-UCRT 1.0 NOTE
r-patched-linux-x86_64 1.0 1.99 21.18 23.17 NOTE
r-patched-solaris-x86 1.0 47.80 NOTE
r-release-linux-x86_64 1.0 1.87 20.77 22.64 NOTE
r-release-macos-arm64 1.0 NOTE
r-release-macos-x86_64 1.0 NOTE
r-release-windows-ix86+x86_64 1.0 4.00 39.00 43.00 NOTE
r-oldrel-macos-x86_64 1.0 OK
r-oldrel-windows-ix86+x86_64 1.0 5.00 42.00 47.00 OK

Check Details

Version: 1.0
Check: LazyData
Result: NOTE
     'LazyData' is specified without a 'data' directory
Flavors: r-devel-linux-x86_64-debian-clang, r-devel-linux-x86_64-debian-gcc, r-devel-linux-x86_64-fedora-clang, r-devel-linux-x86_64-fedora-gcc, r-devel-windows-x86_64, r-devel-windows-x86_64-gcc10-UCRT, r-patched-linux-x86_64, r-patched-solaris-x86, r-release-linux-x86_64, r-release-macos-arm64, r-release-macos-x86_64, r-release-windows-ix86+x86_64