CRAN Package Check Results for Package iriR

Last updated on 2021-02-27 08:50:36 CET.

Flavor Version Tinstall Tcheck Ttotal Status Flags
r-devel-linux-x86_64-debian-clang 0.2.1 12.76 71.98 84.74 OK
r-devel-linux-x86_64-debian-gcc 0.2.1 11.74 55.13 66.87 OK
r-devel-linux-x86_64-fedora-clang 0.2.1 109.59 NOTE
r-devel-linux-x86_64-fedora-gcc 0.2.1 98.01 OK
r-devel-windows-ix86+x86_64 0.2.1 26.00 68.00 94.00 NOTE
r-patched-linux-x86_64 0.2.1 11.41 65.79 77.20 OK
r-patched-solaris-x86 0.2.1 150.50 NOTE
r-release-linux-x86_64 0.2.1 12.43 65.65 78.08 OK
r-release-macos-x86_64 0.2.1 NOTE
r-release-windows-ix86+x86_64 0.2.1 33.00 88.00 121.00 NOTE
r-oldrel-macos-x86_64 0.2.1 NOTE
r-oldrel-windows-ix86+x86_64 0.2.1 16.00 78.00 94.00 NOTE

Check Details

Version: 0.2.1
Check: installed package size
Result: NOTE
     installed size is 12.2Mb
     sub-directories of 1Mb or more:
     R 11.7Mb
Flavors: r-devel-linux-x86_64-fedora-clang, r-devel-windows-ix86+x86_64, r-patched-solaris-x86, r-release-macos-x86_64, r-release-windows-ix86+x86_64, r-oldrel-macos-x86_64, r-oldrel-windows-ix86+x86_64