CRAN Package Check Results for Package irlba

Last updated on 2018-06-19 13:48:30 CEST.

Flavor Version Tinstall Tcheck Ttotal Status Flags
r-devel-linux-x86_64-debian-clang 2.3.2 5.73 83.57 89.30 OK
r-devel-linux-x86_64-debian-gcc 2.3.2 5.68 65.54 71.22 OK
r-devel-linux-x86_64-fedora-clang 2.3.2 107.52 OK
r-devel-linux-x86_64-fedora-gcc 2.3.2 101.77 OK
r-devel-windows-ix86+x86_64 2.3.2 20.00 171.00 191.00 OK
r-patched-linux-x86_64 2.3.2 6.70 72.06 78.76 OK
r-patched-solaris-x86 2.3.2 145.80 OK
r-release-linux-x86_64 2.3.2 5.43 70.73 76.16 OK
r-release-windows-ix86+x86_64 2.3.2 12.00 153.00 165.00 OK
r-release-osx-x86_64 2.3.2 OK
r-oldrel-windows-ix86+x86_64 2.3.2 11.00 155.00 166.00 OK
r-oldrel-osx-x86_64 2.3.2 NOTE

Additional issues

MKL

Check Details

Version: 2.3.2
Check: package dependencies
Result: NOTE
    Package suggested but not available for checking: ‘PMA’
Flavor: r-oldrel-osx-x86_64