CRAN Package Check Results for Package irlba

Last updated on 2020-01-28 02:50:33 CET.

Flavor Version Tinstall Tcheck Ttotal Status Flags
r-devel-linux-x86_64-debian-clang 2.3.3 8.99 79.65 88.64 OK
r-devel-linux-x86_64-debian-gcc 2.3.3 8.04 62.05 70.09 OK
r-devel-linux-x86_64-fedora-clang 2.3.3 107.04 OK
r-devel-linux-x86_64-fedora-gcc 2.3.3 111.15 OK
r-devel-windows-ix86+x86_64 2.3.3 20.00 174.00 194.00 OK
r-devel-windows-ix86+x86_64-gcc8 2.3.3 27.00 169.00 196.00 OK
r-patched-linux-x86_64 2.3.3 OK
r-patched-solaris-x86 2.3.3 151.20 OK
r-release-linux-x86_64 2.3.3 6.69 70.47 77.16 OK
r-release-windows-ix86+x86_64 2.3.3 1.00 7.00 8.00 ERROR
r-release-osx-x86_64 2.3.3 OK
r-oldrel-windows-ix86+x86_64 2.3.3 15.00 112.00 127.00 OK
r-oldrel-osx-x86_64 2.3.3 OK

Check Details

Version: 2.3.3
Check: whether package can be installed
Result: ERROR
    Installation failed.
Flavor: r-release-windows-ix86+x86_64