CRAN Package Check Results for Package irlba

Last updated on 2017-10-19 19:47:08.

Flavor Version Tinstall Tcheck Ttotal Status Flags
r-devel-linux-x86_64-debian-clang 2.2.1 3.12 41.32 44.45 OK
r-devel-linux-x86_64-debian-gcc 2.3.1 3.84 50.19 54.03 OK
r-devel-linux-x86_64-fedora-clang 2.3.1 68.85 OK
r-devel-linux-x86_64-fedora-gcc 2.3.1 65.04 OK
r-devel-windows-ix86+x86_64 2.3.1 16.00 162.00 178.00 OK
r-patched-linux-x86_64 2.3.1 3.51 46.57 50.08 OK
r-patched-solaris-x86 2.3.1 135.20 OK
r-release-linux-x86_64 2.2.1 3.62 41.53 45.15 OK
r-release-windows-ix86+x86_64 2.2.1 14.00 104.00 118.00 OK
r-release-osx-x86_64 2.3.1 NOTE
r-oldrel-windows-ix86+x86_64 2.3.1 10.00 103.00 113.00 OK
r-oldrel-osx-x86_64 2.2.1 OK

Additional issues

rchk valgrind

Check Details

Version: 2.3.1
Check: package dependencies
Result: NOTE
    Package suggested but not available for checking: ‘PMA’
Flavor: r-release-osx-x86_64