CRAN Package Check Results for Package irlba

Last updated on 2018-08-15 21:48:39 CEST.

Flavor Version Tinstall Tcheck Ttotal Status Flags
r-devel-linux-x86_64-debian-clang 2.3.2 6.97 82.53 89.50 OK
r-devel-linux-x86_64-debian-gcc 2.3.2 5.82 66.16 71.98 OK
r-devel-linux-x86_64-fedora-clang 2.3.2 105.73 OK
r-devel-linux-x86_64-fedora-gcc 2.3.2 107.05 OK
r-devel-windows-ix86+x86_64 2.3.2 13.00 128.00 141.00 OK
r-patched-linux-x86_64 2.3.2 5.02 69.65 74.67 OK
r-patched-solaris-x86 2.3.2 149.50 OK
r-release-linux-x86_64 2.3.2 5.04 71.09 76.13 OK
r-release-windows-ix86+x86_64 2.3.2 17.00 172.00 189.00 OK
r-release-osx-x86_64 2.3.2 OK
r-oldrel-windows-ix86+x86_64 2.3.2 16.00 123.00 139.00 OK
r-oldrel-osx-x86_64 2.3.2 NOTE

Check Details

Version: 2.3.2
Check: package dependencies
Result: NOTE
    Package suggested but not available for checking: ‘PMA’
Flavor: r-oldrel-osx-x86_64