CRAN Package Check Results for Package irlba

Last updated on 2018-04-27 05:49:49 CEST.

Flavor Version Tinstall Tcheck Ttotal Status Flags
r-devel-linux-x86_64-debian-clang 2.3.2 5.92 66.70 72.62 OK
r-devel-linux-x86_64-debian-gcc 2.3.2 5.01 55.68 60.69 OK
r-devel-linux-x86_64-fedora-clang 2.3.2 94.64 OK
r-devel-linux-x86_64-fedora-gcc 2.3.2 91.68 OK
r-devel-windows-ix86+x86_64 2.3.2 19.00 115.00 134.00 OK
r-patched-linux-x86_64 2.3.2 5.02 70.02 75.04 OK
r-patched-solaris-x86 2.3.2 143.00 OK
r-release-linux-x86_64 2.3.2 6.47 70.49 76.96 OK
r-release-windows-ix86+x86_64 2.3.2 19.00 115.00 134.00 OK
r-release-osx-x86_64 2.3.2 OK
r-oldrel-windows-ix86+x86_64 2.3.2 11.00 159.00 170.00 OK
r-oldrel-osx-x86_64 2.3.2 NOTE

Additional issues

MKL

Check Details

Version: 2.3.2
Check: package dependencies
Result: NOTE
    Package suggested but not available for checking: ‘PMA’
Flavor: r-oldrel-osx-x86_64