CRAN Package Check Results for Package irlba

Last updated on 2018-02-23 10:48:19 CET.

Flavor Version Tinstall Tcheck Ttotal Status Flags
r-devel-linux-x86_64-debian-clang 2.3.2 5.94 63.22 69.16 OK
r-devel-linux-x86_64-debian-gcc 2.3.2 5.33 55.39 60.72 OK
r-devel-linux-x86_64-fedora-clang 2.3.2 92.99 NOTE
r-devel-linux-x86_64-fedora-gcc 2.3.2 89.64 NOTE
r-devel-windows-ix86+x86_64 2.3.2 19.00 148.00 167.00 OK
r-patched-linux-x86_64 2.3.2 5.38 75.49 80.87 OK
r-patched-solaris-x86 2.3.2 148.60 OK
r-release-linux-x86_64 2.3.2 5.47 74.23 79.70 OK
r-release-windows-ix86+x86_64 2.3.2 12.00 159.00 171.00 OK
r-release-osx-x86_64 2.3.2 NOTE
r-oldrel-windows-ix86+x86_64 2.3.2 11.00 131.00 142.00 OK
r-oldrel-osx-x86_64 2.3.1 OK

Additional issues

MKL

Check Details

Version: 2.3.2
Check: package dependencies
Result: NOTE
    Package suggested but not available for checking: ‘PMA’
Flavors: r-devel-linux-x86_64-fedora-clang, r-devel-linux-x86_64-fedora-gcc, r-release-osx-x86_64