CRAN Package Check Results for Package irlba

Last updated on 2018-12-17 20:47:34 CET.

Flavor Version Tinstall Tcheck Ttotal Status Flags
r-devel-linux-x86_64-debian-clang 2.3.2 6.75 73.76 80.51 OK
r-devel-linux-x86_64-debian-gcc 2.3.2 5.52 59.02 64.54 OK
r-devel-linux-x86_64-fedora-clang 2.3.2 95.54 OK
r-devel-linux-x86_64-fedora-gcc 2.3.2 92.00 OK
r-devel-windows-ix86+x86_64 2.3.2 17.00 121.00 138.00 OK
r-patched-linux-x86_64 2.3.2 6.30 69.98 76.28 OK
r-patched-solaris-x86 2.3.2 142.70 OK
r-release-linux-x86_64 2.3.2 6.41 70.72 77.13 OK
r-release-windows-ix86+x86_64 2.3.2 12.00 116.00 128.00 OK
r-release-osx-x86_64 2.3.2 OK
r-oldrel-windows-ix86+x86_64 2.3.2 15.00 160.00 175.00 OK
r-oldrel-osx-x86_64 2.3.2 NOTE

Check Details

Version: 2.3.2
Check: package dependencies
Result: NOTE
    Package suggested but not available for checking: ‘PMA’
Flavor: r-oldrel-osx-x86_64