CRAN Package Check Results for Package irrCAC

Last updated on 2024-03-01 04:51:45 CET.

Flavor Version Tinstall Tcheck Ttotal Status Flags
r-devel-linux-x86_64-debian-clang 1.0 3.73 46.05 49.78 NOTE
r-devel-linux-x86_64-debian-gcc 1.0 3.97 35.22 39.19 NOTE
r-devel-linux-x86_64-fedora-clang 1.0 64.54 NOTE
r-devel-linux-x86_64-fedora-gcc 1.0 73.06 NOTE
r-devel-windows-x86_64 1.0 6.00 67.00 73.00 NOTE
r-patched-linux-x86_64 1.0 5.13 45.44 50.57 NOTE
r-release-linux-x86_64 1.0 5.18 44.98 50.16 NOTE
r-release-macos-arm64 1.0 31.00 NOTE
r-release-macos-x86_64 1.0 46.00 NOTE
r-release-windows-x86_64 1.0 7.00 72.00 79.00 NOTE
r-oldrel-macos-arm64 1.0 26.00 OK
r-oldrel-windows-x86_64 1.0 9.00 71.00 80.00 OK

Check Details

Version: 1.0
Check: Rd files
Result: NOTE checkRd: (-1) bp.coeff.raw.Rd:5: Escaped LaTeX specials: \& checkRd: (-1) bp.coeff.raw.Rd:41: Escaped LaTeX specials: \& checkRd: (-1) bp.coeff.raw.Rd:53: Escaped LaTeX specials: \& checkRd: (-1) fleiss.kappa.raw.Rd:52: Escaped LaTeX specials: \& checkRd: (-1) landis.koch.bf.Rd:14: Escaped LaTeX specials: \& checkRd: (-1) landis.koch.bf.Rd:17: Escaped LaTeX specials: \& Flavors: r-devel-linux-x86_64-debian-clang, r-devel-linux-x86_64-debian-gcc, r-devel-linux-x86_64-fedora-clang, r-devel-linux-x86_64-fedora-gcc, r-devel-windows-x86_64, r-patched-linux-x86_64, r-release-linux-x86_64, r-release-macos-arm64, r-release-macos-x86_64, r-release-windows-x86_64