CRAN Package Check Results for Package irrCAC

Last updated on 2023-01-29 23:03:11 CET.

Flavor Version Tinstall Tcheck Ttotal Status Flags
r-devel-linux-x86_64-debian-clang 1.0 5.69 45.92 51.61 NOTE
r-devel-linux-x86_64-debian-gcc 1.0 4.17 34.01 38.18 NOTE
r-devel-linux-x86_64-fedora-clang 1.0 63.32 NOTE
r-devel-linux-x86_64-fedora-gcc 1.0 73.15 NOTE
r-devel-windows-x86_64 1.0 55.00 98.00 153.00 NOTE
r-patched-linux-x86_64 1.0 4.52 42.83 47.35 OK
r-release-linux-x86_64 1.0 5.23 41.03 46.26 OK
r-release-macos-arm64 1.0 23.00 OK
r-release-macos-x86_64 1.0 35.00 OK
r-release-windows-x86_64 1.0 39.00 92.00 131.00 OK
r-oldrel-macos-arm64 1.0 28.00 OK
r-oldrel-macos-x86_64 1.0 42.00 OK
r-oldrel-windows-ix86+x86_64 1.0 10.00 76.00 86.00 OK

Check Details

Version: 1.0
Check: Rd files
Result: NOTE
    checkRd: (-1) bp.coeff.raw.Rd:5: Escaped LaTeX specials: \&
    checkRd: (-1) bp.coeff.raw.Rd:41: Escaped LaTeX specials: \&
    checkRd: (-1) bp.coeff.raw.Rd:53: Escaped LaTeX specials: \&
    checkRd: (-1) fleiss.kappa.raw.Rd:52: Escaped LaTeX specials: \&
    checkRd: (-1) landis.koch.bf.Rd:14: Escaped LaTeX specials: \&
    checkRd: (-1) landis.koch.bf.Rd:17: Escaped LaTeX specials: \&
Flavors: r-devel-linux-x86_64-debian-clang, r-devel-linux-x86_64-debian-gcc, r-devel-linux-x86_64-fedora-clang, r-devel-linux-x86_64-fedora-gcc, r-devel-windows-x86_64