CRAN Package Check Results for Package irrNA

Last updated on 2020-11-30 16:49:17 CET.

Flavor Version Tinstall Tcheck Ttotal Status Flags
r-devel-linux-x86_64-debian-clang 0.1.4 3.62 26.98 30.60 OK
r-devel-linux-x86_64-debian-gcc 0.1.4 2.41 23.37 25.78 OK
r-devel-linux-x86_64-fedora-clang 0.1.4 41.34 NOTE
r-devel-linux-x86_64-fedora-gcc 0.1.4 31.91 NOTE
r-devel-windows-ix86+x86_64 0.1.4 6.00 60.00 66.00 OK
r-patched-linux-x86_64 0.1.4 3.72 27.41 31.13 OK
r-patched-solaris-x86 0.1.4 45.90 NOTE
r-release-linux-x86_64 0.1.4 3.68 25.38 29.06 OK
r-release-macos-x86_64 0.1.4 NOTE
r-release-windows-ix86+x86_64 0.1.4 5.00 30.00 35.00 OK
r-oldrel-macos-x86_64 0.1.4 NOTE
r-oldrel-windows-ix86+x86_64 0.1.4 21.00 44.00 65.00 OK

Check Details

Version: 0.1.4
Check: dependencies in R code
Result: NOTE
    Namespace in Imports field not imported from: ‘irr’
     All declared Imports should be used.
Flavors: r-devel-linux-x86_64-fedora-clang, r-devel-linux-x86_64-fedora-gcc, r-patched-solaris-x86, r-release-macos-x86_64, r-oldrel-macos-x86_64