CRAN Package Check Results for Package irrNA

Last updated on 2023-11-29 07:52:13 CET.

Flavor Version Tinstall Tcheck Ttotal Status Flags
r-devel-linux-x86_64-debian-clang 0.2.3 2.62 26.86 29.48 OK
r-devel-linux-x86_64-debian-gcc 0.2.3 2.47 20.47 22.94 OK
r-devel-linux-x86_64-fedora-clang 0.2.3 37.37 NOTE
r-devel-linux-x86_64-fedora-gcc 0.2.3 35.80 OK
r-devel-windows-x86_64 0.2.3 4.00 43.00 47.00 OK
r-patched-linux-x86_64 0.2.3 3.81 25.87 29.68 OK
r-release-linux-x86_64 0.2.3 2.40 25.88 28.28 OK
r-release-macos-arm64 0.2.3 18.00 OK
r-release-macos-x86_64 0.2.3 23.00 OK
r-release-windows-x86_64 0.2.3 7.00 43.00 50.00 OK
r-oldrel-macos-arm64 0.2.3 20.00 OK
r-oldrel-macos-x86_64 0.2.3 22.00 OK
r-oldrel-windows-x86_64 0.2.3 6.00 50.00 56.00 OK

Check Details

Version: 0.2.3
Check: Rd cross-references
Result: NOTE Undeclared package ‘irr’ in Rd xrefs Flavor: r-devel-linux-x86_64-fedora-clang