Last updated on 2023-01-30 07:55:09 CET.
Flavor | Version | Tinstall | Tcheck | Ttotal | Status | Flags |
---|---|---|---|---|---|---|
r-devel-linux-x86_64-debian-clang | 0.2.3 | 3.38 | 27.34 | 30.72 | OK | |
r-devel-linux-x86_64-debian-gcc | 0.2.3 | 2.42 | 21.20 | 23.62 | OK | |
r-devel-linux-x86_64-fedora-clang | 0.2.3 | 37.70 | NOTE | |||
r-devel-linux-x86_64-fedora-gcc | 0.2.3 | 37.43 | OK | |||
r-devel-windows-x86_64 | 0.2.3 | 17.00 | 62.00 | 79.00 | OK | |
r-patched-linux-x86_64 | 0.2.3 | 2.77 | 26.21 | 28.98 | OK | |
r-release-linux-x86_64 | 0.2.3 | 3.24 | 25.21 | 28.45 | OK | |
r-release-macos-arm64 | 0.2.3 | 14.00 | OK | |||
r-release-macos-x86_64 | 0.2.3 | 22.00 | OK | |||
r-release-windows-x86_64 | 0.2.3 | 6.00 | 50.00 | 56.00 | OK | |
r-oldrel-macos-arm64 | 0.2.3 | 16.00 | OK | |||
r-oldrel-macos-x86_64 | 0.2.3 | 22.00 | OK | |||
r-oldrel-windows-ix86+x86_64 | 0.2.3 | 6.00 | 44.00 | 50.00 | OK |
Version: 0.2.3
Check: Rd cross-references
Result: NOTE
Undeclared package ‘irr’ in Rd xrefs
Flavor: r-devel-linux-x86_64-fedora-clang