CRAN Package Check Results for Package irt

Last updated on 2022-01-21 20:48:43 CET.

Flavor Version Tinstall Tcheck Ttotal Status Flags
r-devel-linux-x86_64-debian-clang 0.2.5 169.09 170.89 339.98 OK
r-devel-linux-x86_64-debian-gcc 0.2.5 125.54 125.51 251.05 OK
r-devel-linux-x86_64-fedora-clang 0.2.5 478.35 NOTE
r-devel-linux-x86_64-fedora-gcc 0.2.5 438.83 OK
r-devel-windows-x86_64-new-UL 0.2.5 221.00 239.00 460.00 OK
r-devel-windows-x86_64-new-TK 0.2.5 OK
r-patched-linux-x86_64 0.2.5 156.68 163.89 320.57 OK
r-release-linux-x86_64 0.2.5 148.87 161.82 310.69 OK
r-release-macos-arm64 0.2.5 NOTE
r-release-macos-x86_64 0.2.5 NOTE
r-release-windows-ix86+x86_64 0.2.5 384.00 290.00 674.00 OK
r-oldrel-macos-x86_64 0.2.5 NOTE
r-oldrel-windows-ix86+x86_64 0.2.5 378.00 286.00 664.00 OK

Check Details

Version: 0.2.5
Check: installed package size
Result: NOTE
     installed size is 9.9Mb
     sub-directories of 1Mb or more:
     libs 8.5Mb
Flavors: r-devel-linux-x86_64-fedora-clang, r-release-macos-arm64, r-release-macos-x86_64, r-oldrel-macos-x86_64