CRAN Package Check Results for Package irtQ

Last updated on 2023-12-04 10:52:48 CET.

Flavor Version Tinstall Tcheck Ttotal Status Flags
r-devel-linux-x86_64-debian-clang 0.2.0 34.59 203.88 238.47 NOTE
r-devel-linux-x86_64-debian-gcc 0.2.0 29.03 151.88 180.91 NOTE
r-devel-linux-x86_64-fedora-clang 0.2.0 284.42 OK
r-devel-linux-x86_64-fedora-gcc 0.2.0 274.76 OK
r-devel-windows-x86_64 0.2.0 30.00 156.00 186.00 OK
r-patched-linux-x86_64 0.2.0 23.64 191.16 214.80 OK
r-release-linux-x86_64 0.2.0 22.78 192.12 214.90 OK
r-release-macos-arm64 0.2.0 70.00 OK
r-release-macos-x86_64 0.2.0 150.00 OK
r-release-windows-x86_64 0.2.0 39.00 204.00 243.00 OK
r-oldrel-macos-arm64 0.2.0 76.00 OK
r-oldrel-macos-x86_64 0.2.0 103.00 OK
r-oldrel-windows-x86_64 0.2.0 41.00 190.00 231.00 OK

Check Details

Version: 0.2.0
Check: Rd files
Result: NOTE checkRd: (-1) est_mg.Rd:284: Lost braces 284 | item parameter estimates across the groups in the code{\link{est_mg}} function. | ^ checkRd: (-1) llike_score.Rd:22: Lost braces 22 | function. See \code{\link{est_irt}}, \code{\link{irtfit}}, \\code{\link{info}}, | ^ Flavors: r-devel-linux-x86_64-debian-clang, r-devel-linux-x86_64-debian-gcc