CRAN Package Check Results for Package irtrees

Last updated on 2021-10-17 11:49:20 CEST.

Flavor Version Tinstall Tcheck Ttotal Status Flags
r-devel-linux-x86_64-debian-clang 0.1.0 1.92 20.91 22.83 NOTE
r-devel-linux-x86_64-debian-gcc 0.1.0 1.62 16.65 18.27 NOTE
r-devel-linux-x86_64-fedora-clang 0.1.0 37.88 NOTE
r-devel-linux-x86_64-fedora-gcc 0.1.0 27.36 NOTE
r-devel-windows-x86_64 0.1.0 3.00 39.00 42.00 NOTE
r-devel-windows-x86_64-gcc10-UCRT 0.1.0 NOTE
r-patched-linux-x86_64 0.1.0 1.89 20.49 22.38 NOTE
r-patched-solaris-x86 0.1.0 45.80 NOTE
r-release-linux-x86_64 0.1.0 1.82 20.43 22.25 NOTE
r-release-macos-arm64 0.1.0 NOTE
r-release-macos-x86_64 0.1.0 NOTE
r-release-windows-ix86+x86_64 0.1.0 3.00 39.00 42.00 NOTE
r-oldrel-macos-x86_64 0.1.0 NOTE
r-oldrel-windows-ix86+x86_64 0.1.0 4.00 39.00 43.00 NOTE

Check Details

Version: 0.1.0
Check: R code for possible problems
Result: NOTE
    dendrify: no visible binding for global variable 'item'
    dendrify: no visible binding for global variable 'node'
    dendrify: no visible binding for global variable 'value'
    exogenize: no visible binding for global variable 'item'
    Undefined global functions or variables:
     item node value
Flavors: r-devel-linux-x86_64-debian-clang, r-devel-linux-x86_64-debian-gcc, r-devel-linux-x86_64-fedora-clang, r-devel-linux-x86_64-fedora-gcc, r-devel-windows-x86_64, r-devel-windows-x86_64-gcc10-UCRT, r-patched-linux-x86_64, r-patched-solaris-x86, r-release-linux-x86_64, r-release-macos-arm64, r-release-macos-x86_64, r-release-windows-ix86+x86_64, r-oldrel-macos-x86_64, r-oldrel-windows-ix86+x86_64