CRAN Package Check Results for Package isatabr

Last updated on 2021-10-26 15:51:14 CEST.

Flavor Version Tinstall Tcheck Ttotal Status Flags
r-devel-linux-x86_64-debian-clang 1.0.0 4.24 77.15 81.39 OK
r-devel-linux-x86_64-debian-gcc 1.0.0 3.32 59.21 62.53 OK
r-devel-linux-x86_64-fedora-clang 1.0.0 104.70 OK
r-devel-linux-x86_64-fedora-gcc 1.0.0 95.24 OK
r-devel-windows-x86_64 1.0.0 12.00 102.00 114.00 OK
r-devel-windows-x86_64-gcc10-UCRT 1.0.0 OK
r-patched-linux-x86_64 1.0.0 4.53 71.88 76.41 OK
r-patched-solaris-x86 1.0.0 76.30 NOTE
r-release-linux-x86_64 1.0.0 3.73 71.28 75.01 OK
r-release-macos-arm64 1.0.0 NOTE
r-release-macos-x86_64 1.0.0 WARN
r-release-windows-ix86+x86_64 1.0.0 12.00 107.00 119.00 OK
r-oldrel-macos-x86_64 1.0.0 WARN
r-oldrel-windows-ix86+x86_64 1.0.0 14.00 105.00 119.00 OK

Check Details

Version: 1.0.0
Check: package dependencies
Result: NOTE
    Package suggested but not available for checking: ‘xcms’
Flavors: r-patched-solaris-x86, r-release-macos-arm64

Version: 1.0.0
Check: re-building of vignette outputs
Result: WARN
    Error(s) in re-building vignettes:
     ...
    --- re-building ‘isatabr.Rmd’ using rmarkdown
    Warning in engine$weave(file, quiet = quiet, encoding = enc) :
     Pandoc (>= 1.12.3) not available. Falling back to R Markdown v1.
    Error: processing vignette 'isatabr.Rmd' failed with diagnostics:
    there is no package called 'stringi'
    --- failed re-building ‘isatabr.Rmd’
    
    SUMMARY: processing the following file failed:
     ‘isatabr.Rmd’
    
    Error: Vignette re-building failed.
    Execution halted
Flavors: r-release-macos-x86_64, r-oldrel-macos-x86_64