CRAN Package Check Results for Package iscoCrosswalks

Last updated on 2022-12-07 23:55:15 CET.

Flavor Version Tinstall Tcheck Ttotal Status Flags
r-devel-linux-x86_64-debian-clang 1.0.0 2.93 40.95 43.88 OK
r-devel-linux-x86_64-debian-gcc 1.0.0 2.61 30.70 33.31 OK
r-devel-linux-x86_64-fedora-clang 1.0.0 64.28 NOTE
r-devel-linux-x86_64-fedora-gcc 1.0.0 71.26 NOTE
r-devel-windows-x86_64 1.0.0 37.00 78.00 115.00 OK
r-patched-linux-x86_64 1.0.0 2.92 37.19 40.11 OK
r-release-linux-x86_64 1.0.0 2.99 38.29 41.28 OK
r-release-macos-arm64 1.0.0 24.00 NOTE
r-release-macos-x86_64 1.0.0 30.00 NOTE
r-release-windows-x86_64 1.0.0 31.00 76.00 107.00 OK
r-oldrel-macos-arm64 1.0.0 24.00 NOTE
r-oldrel-macos-x86_64 1.0.0 29.00 NOTE
r-oldrel-windows-ix86+x86_64 1.0.0 8.00 66.00 74.00 OK

Check Details

Version: 1.0.0
Check: data for non-ASCII characters
Result: NOTE
     Note: found 12 marked UTF-8 strings
Flavors: r-devel-linux-x86_64-fedora-clang, r-devel-linux-x86_64-fedora-gcc, r-release-macos-arm64, r-release-macos-x86_64, r-oldrel-macos-arm64, r-oldrel-macos-x86_64