CRAN Package Check Results for Package isdparser

Last updated on 2023-05-28 07:57:32 CEST.

Flavor Version Tinstall Tcheck Ttotal Status Flags
r-devel-linux-x86_64-debian-clang 0.4.0 4.52 85.48 90.00 OK
r-devel-linux-x86_64-debian-gcc 0.4.0 4.10 60.45 64.55 OK
r-devel-linux-x86_64-fedora-clang 0.4.0 107.86 NOTE
r-devel-linux-x86_64-fedora-gcc 0.4.0 113.67 NOTE
r-devel-windows-x86_64 0.4.0 5.00 78.00 83.00 OK
r-patched-linux-x86_64 0.4.0 4.78 79.19 83.97 OK
r-release-linux-x86_64 0.4.0 4.03 79.01 83.04 OK
r-release-macos-arm64 0.4.0 46.00 OK
r-release-macos-x86_64 0.4.0 66.00 OK
r-release-windows-x86_64 0.4.0 6.00 95.00 101.00 OK
r-oldrel-macos-arm64 0.4.0 29.00 NOTE
r-oldrel-macos-x86_64 0.4.0 46.00 NOTE
r-oldrel-windows-x86_64 0.4.0 7.00 97.00 104.00 OK

Check Details

Version: 0.4.0
Check: data for non-ASCII characters
Result: NOTE
     Note: found 104 marked UTF-8 strings
Flavors: r-devel-linux-x86_64-fedora-clang, r-devel-linux-x86_64-fedora-gcc, r-oldrel-macos-arm64, r-oldrel-macos-x86_64