CRAN Package Check Results for Package isdparser

Last updated on 2024-06-13 11:48:15 CEST.

Flavor Version Tinstall Tcheck Ttotal Status Flags
r-devel-linux-x86_64-debian-clang 0.4.0 5.72 86.06 91.78 OK
r-devel-linux-x86_64-debian-gcc 0.4.0 0.62 1.83 2.45 ERROR
r-devel-linux-x86_64-fedora-clang 0.4.0 113.72 NOTE
r-devel-linux-x86_64-fedora-gcc 0.4.0 119.08 NOTE
r-devel-windows-x86_64 0.4.0 5.00 78.00 83.00 OK
r-patched-linux-x86_64 0.4.0 6.04 83.08 89.12 OK
r-release-linux-x86_64 0.4.0 5.42 84.71 90.13 OK
r-release-macos-arm64 0.4.0 37.00 OK
r-release-macos-x86_64 0.4.0 59.00 OK
r-release-windows-x86_64 0.4.0 5.00 78.00 83.00 OK
r-oldrel-macos-arm64 0.4.0 46.00 OK
r-oldrel-macos-x86_64 0.4.0 66.00 OK
r-oldrel-windows-x86_64 0.4.0 7.00 90.00 97.00 OK

Check Details

Version: 0.4.0
Check: package dependencies
Result: ERROR Packages required but not available: 'tibble', 'lubridate' Package suggested but not available for checking: ‘testthat’ See section ‘The DESCRIPTION file’ in the ‘Writing R Extensions’ manual. Flavor: r-devel-linux-x86_64-debian-gcc

Version: 0.4.0
Check: data for non-ASCII characters
Result: NOTE Note: found 104 marked UTF-8 strings Flavors: r-devel-linux-x86_64-fedora-clang, r-devel-linux-x86_64-fedora-gcc