CRAN Package Check Results for Package isdparser

Last updated on 2019-06-20 10:51:47 CEST.

Flavor Version Tinstall Tcheck Ttotal Status Flags
r-devel-linux-x86_64-debian-clang 0.3.0 2.69 70.75 73.44 OK
r-devel-linux-x86_64-debian-gcc 0.3.0 2.21 49.43 51.64 OK
r-devel-linux-x86_64-fedora-clang 0.3.0 85.18 NOTE
r-devel-linux-x86_64-fedora-gcc 0.3.0 78.85 NOTE
r-devel-windows-ix86+x86_64 0.3.0 8.00 103.00 111.00 OK
r-patched-linux-x86_64 0.3.0 2.50 66.34 68.84 OK
r-patched-solaris-x86 0.3.0 116.20 NOTE
r-release-linux-x86_64 0.3.0 2.78 66.70 69.48 OK
r-release-windows-ix86+x86_64 0.3.0 7.00 104.00 111.00 OK
r-release-osx-x86_64 0.3.0 NOTE
r-oldrel-windows-ix86+x86_64 0.3.0 4.00 106.00 110.00 OK
r-oldrel-osx-x86_64 0.3.0 NOTE

Check Details

Version: 0.3.0
Check: data for non-ASCII characters
Result: NOTE
     Note: found 104 marked UTF-8 strings
Flavors: r-devel-linux-x86_64-fedora-clang, r-devel-linux-x86_64-fedora-gcc, r-patched-solaris-x86, r-release-osx-x86_64, r-oldrel-osx-x86_64