CRAN Package Check Results for Package isdparser

Last updated on 2020-03-28 21:47:48 CET.

Flavor Version Tinstall Tcheck Ttotal Status Flags
r-devel-linux-x86_64-debian-clang 0.4.0 OK
r-devel-linux-x86_64-debian-gcc 0.4.0 4.57 52.76 57.33 OK
r-devel-linux-x86_64-fedora-clang 0.4.0 97.52 NOTE
r-devel-linux-x86_64-fedora-gcc 0.4.0 89.07 NOTE
r-devel-windows-ix86+x86_64 0.4.0 12.00 80.00 92.00 OK
r-devel-windows-ix86+x86_64-gcc8 0.4.0 12.00 88.00 100.00 OK
r-patched-linux-x86_64 0.4.0 4.48 69.56 74.04 OK
r-patched-solaris-x86 0.4.0 131.50 NOTE
r-release-linux-x86_64 0.4.0 3.93 64.29 68.22 OK
r-release-windows-ix86+x86_64 0.4.0 17.00 114.00 131.00 OK
r-release-osx-x86_64 0.4.0 NOTE
r-oldrel-windows-ix86+x86_64 0.4.0 10.00 108.00 118.00 OK
r-oldrel-osx-x86_64 0.4.0 NOTE

Check Details

Version: 0.4.0
Check: data for non-ASCII characters
Result: NOTE
     Note: found 104 marked UTF-8 strings
Flavors: r-devel-linux-x86_64-fedora-clang, r-devel-linux-x86_64-fedora-gcc, r-patched-solaris-x86, r-release-osx-x86_64, r-oldrel-osx-x86_64