CRAN Package Check Results for Package island

Last updated on 2020-07-13 14:48:04 CEST.

Flavor Version Tinstall Tcheck Ttotal Status Flags
r-devel-linux-x86_64-debian-clang 0.2.5 18.18 272.48 290.66 OK
r-devel-linux-x86_64-debian-gcc 0.2.5 11.26 206.45 217.71 OK
r-devel-linux-x86_64-fedora-clang 0.2.5 343.37 OK
r-devel-linux-x86_64-fedora-gcc 0.2.5 345.58 OK
r-devel-windows-ix86+x86_64 0.2.5 63.00 525.00 588.00 OK
r-patched-linux-x86_64 0.2.5 13.58 270.64 284.22 OK
r-patched-solaris-x86 0.2.5 461.90 OK
r-release-linux-x86_64 0.2.5 12.31 270.79 283.10 OK
r-release-macos-x86_64 0.2.5 ERROR
r-release-windows-ix86+x86_64 0.2.5 62.00 456.00 518.00 OK
r-oldrel-macos-x86_64 0.2.5 OK
r-oldrel-windows-ix86+x86_64 0.2.5 73.00 436.00 509.00 OK

Check Details

Version: 0.2.5
Check: whether package can be installed
Result: ERROR
    Installation failed.
Flavor: r-release-macos-x86_64