CRAN Package Check Results for Package isoSurv

Last updated on 2022-06-25 09:53:46 CEST.

Flavor Version Tinstall Tcheck Ttotal Status Flags
r-devel-linux-x86_64-debian-clang 0.2.0 7.36 66.81 74.17 NOTE
r-devel-linux-x86_64-debian-gcc 0.2.0 6.93 52.56 59.49 NOTE
r-devel-linux-x86_64-fedora-clang 0.2.0 100.62 NOTE
r-devel-linux-x86_64-fedora-gcc 0.2.0 99.41 NOTE
r-devel-windows-x86_64 0.2.0 16.00 94.00 110.00 NOTE
r-patched-linux-x86_64 0.2.0 8.57 65.14 73.71 NOTE
r-release-linux-x86_64 0.2.0 8.34 66.25 74.59 NOTE
r-release-macos-arm64 0.2.0 31.00 NOTE
r-release-macos-x86_64 0.2.0 42.00 NOTE
r-release-windows-x86_64 0.2.0 13.00 93.00 106.00 NOTE
r-oldrel-macos-arm64 0.2.0 31.00 NOTE
r-oldrel-macos-x86_64 0.2.0 60.00 NOTE
r-oldrel-windows-ix86+x86_64 0.2.0 17.00 84.00 101.00 NOTE

Check Details

Version: 0.2.0
Check: LazyData
Result: NOTE
     'LazyData' is specified without a 'data' directory
Flavors: r-devel-linux-x86_64-debian-clang, r-devel-linux-x86_64-debian-gcc, r-devel-linux-x86_64-fedora-clang, r-devel-linux-x86_64-fedora-gcc, r-devel-windows-x86_64, r-patched-linux-x86_64, r-release-linux-x86_64, r-release-macos-arm64, r-release-macos-x86_64, r-release-windows-x86_64, r-oldrel-macos-arm64, r-oldrel-macos-x86_64, r-oldrel-windows-ix86+x86_64