CRAN Package Check Results for Package isoSurv

Last updated on 2022-01-25 11:51:12 CET.

Flavor Version Tinstall Tcheck Ttotal Status Flags
r-devel-linux-x86_64-debian-clang 0.2.0 9.05 73.75 82.80 NOTE
r-devel-linux-x86_64-debian-gcc 0.2.0 7.64 57.19 64.83 NOTE
r-devel-linux-x86_64-fedora-clang 0.2.0 95.13 NOTE
r-devel-linux-x86_64-fedora-gcc 0.2.0 88.17 NOTE
r-devel-windows-x86_64-new-UL 0.2.0 28.00 95.00 123.00 NOTE
r-devel-windows-x86_64-new-TK 0.2.0 NOTE
r-patched-linux-x86_64 0.2.0 5.09 68.84 73.93 NOTE
r-release-linux-x86_64 0.2.0 6.64 68.21 74.85 NOTE
r-release-macos-arm64 0.2.0 NOTE
r-release-macos-x86_64 0.2.0 NOTE
r-release-windows-ix86+x86_64 0.2.0 20.00 74.00 94.00 NOTE
r-oldrel-macos-x86_64 0.2.0 OK
r-oldrel-windows-ix86+x86_64 0.2.0 24.00 82.00 106.00 OK

Check Details

Version: 0.2.0
Check: LazyData
Result: NOTE
     'LazyData' is specified without a 'data' directory
Flavors: r-devel-linux-x86_64-debian-clang, r-devel-linux-x86_64-debian-gcc, r-devel-linux-x86_64-fedora-clang, r-devel-linux-x86_64-fedora-gcc, r-devel-windows-x86_64-new-UL, r-devel-windows-x86_64-new-TK, r-patched-linux-x86_64, r-release-linux-x86_64, r-release-macos-arm64, r-release-macos-x86_64, r-release-windows-ix86+x86_64