CRAN Package Check Results for Package isocat

Last updated on 2019-09-21 02:49:06 CEST.

Flavor Version Tinstall Tcheck Ttotal Status Flags
r-devel-linux-x86_64-debian-clang 0.2.3 8.18 99.03 107.21 OK
r-devel-linux-x86_64-debian-gcc 0.2.3 7.00 75.00 82.00 OK
r-devel-linux-x86_64-fedora-clang 0.2.3 125.78 NOTE
r-devel-linux-x86_64-fedora-gcc 0.2.3 124.88 NOTE
r-devel-windows-ix86+x86_64 0.2.3 27.00 105.00 132.00 OK
r-patched-linux-x86_64 0.2.3 7.97 96.03 104.00 OK
r-patched-solaris-x86 0.2.3 173.20 NOTE
r-release-linux-x86_64 0.2.3 7.43 96.46 103.89 OK
r-release-windows-ix86+x86_64 0.2.3 15.00 109.00 124.00 OK
r-release-osx-x86_64 0.2.3 NOTE
r-oldrel-windows-ix86+x86_64 0.2.3 10.00 104.00 114.00 OK
r-oldrel-osx-x86_64 0.2.3 NOTE

Check Details

Version: 0.2.3
Check: dependencies in R code
Result: NOTE
    Namespace in Imports field not imported from: ‘dplyr’
     All declared Imports should be used.
Flavors: r-devel-linux-x86_64-fedora-clang, r-devel-linux-x86_64-fedora-gcc, r-patched-solaris-x86, r-release-osx-x86_64, r-oldrel-osx-x86_64