CRAN Package Check Results for Package isotree

Last updated on 2020-05-31 09:47:30 CEST.

Flavor Version Tinstall Tcheck Ttotal Status Flags
r-devel-linux-x86_64-debian-clang 0.1.11 63.78 34.14 97.92 OK
r-devel-linux-x86_64-debian-gcc 0.1.11 51.67 26.90 78.57 OK
r-devel-linux-x86_64-fedora-clang 0.1.11 141.03 NOTE
r-devel-linux-x86_64-fedora-gcc 0.1.11 126.87 OK
r-devel-windows-ix86+x86_64 0.1.11 152.00 84.00 236.00 OK
r-patched-linux-x86_64 0.1.11 53.94 33.84 87.78 OK
r-patched-solaris-x86 0.1.11 125.60 OK
r-release-linux-x86_64 0.1.11 51.95 33.78 85.73 OK
r-release-osx-x86_64 0.1.11 NOTE
r-release-windows-ix86+x86_64 0.1.11 114.00 93.00 207.00 OK
r-oldrel-osx-x86_64 0.1.11 NOTE
r-oldrel-windows-ix86+x86_64 0.1.11 159.00 77.00 236.00 OK

Additional issues

valgrind

Check Details

Version: 0.1.11
Check: installed package size
Result: NOTE
     installed size is 6.4Mb
     sub-directories of 1Mb or more:
     libs 6.2Mb
Flavors: r-devel-linux-x86_64-fedora-clang, r-release-osx-x86_64, r-oldrel-osx-x86_64