CRAN Package Check Results for Package isqg

Last updated on 2022-06-28 10:49:09 CEST.

Flavor Version Tinstall Tcheck Ttotal Status Flags
r-devel-linux-x86_64-debian-clang 1.3 54.23 31.15 85.38 WARN
r-devel-linux-x86_64-debian-gcc 1.3 45.82 24.87 70.69 OK
r-devel-linux-x86_64-fedora-clang 1.3 134.34 WARN
r-devel-linux-x86_64-fedora-gcc 1.3 124.44 OK
r-devel-windows-x86_64 1.3 63.00 76.00 139.00 OK
r-patched-linux-x86_64 1.3 50.01 30.41 80.42 OK
r-release-linux-x86_64 1.3 50.37 30.58 80.95 OK
r-release-macos-arm64 1.3 34.00 OK
r-release-macos-x86_64 1.3 45.00 OK
r-release-windows-x86_64 1.3 57.00 81.00 138.00 OK
r-oldrel-macos-arm64 1.3 42.00 OK
r-oldrel-macos-x86_64 1.3 65.00 OK
r-oldrel-windows-ix86+x86_64 1.3 140.00 85.00 225.00 OK

Additional issues

clang14

Check Details

Version: 1.3
Check: whether package can be installed
Result: WARN
    Found the following significant warnings:
     Genetics.cpp:363:20: warning: use of bitwise '&' with boolean operands [-Wbitwise-instead-of-logical]
     Genetics.cpp:376:20: warning: use of bitwise '&' with boolean operands [-Wbitwise-instead-of-logical]
     Genetics.cpp:376:51: warning: use of bitwise '&' with boolean operands [-Wbitwise-instead-of-logical]
Flavors: r-devel-linux-x86_64-debian-clang, r-devel-linux-x86_64-fedora-clang