CRAN Package Check Results for Package istacr

Last updated on 2021-10-17 11:49:20 CEST.

Flavor Version Tinstall Tcheck Ttotal Status Flags
r-devel-linux-x86_64-debian-clang 0.1.3 3.26 35.36 38.62 NOTE
r-devel-linux-x86_64-debian-gcc 0.1.3 2.55 28.02 30.57 NOTE
r-devel-linux-x86_64-fedora-clang 0.1.3 53.77 NOTE
r-devel-linux-x86_64-fedora-gcc 0.1.3 40.98 NOTE
r-devel-windows-x86_64 0.1.3 6.00 100.00 106.00 NOTE
r-devel-windows-x86_64-gcc10-UCRT 0.1.3 NOTE
r-patched-linux-x86_64 0.1.3 3.36 34.98 38.34 NOTE
r-patched-solaris-x86 0.1.3 59.30 NOTE
r-release-linux-x86_64 0.1.3 3.39 34.91 38.30 NOTE
r-release-macos-arm64 0.1.3 NOTE
r-release-macos-x86_64 0.1.3 NOTE
r-release-windows-ix86+x86_64 0.1.3 6.00 90.00 96.00 NOTE
r-oldrel-macos-x86_64 0.1.3 OK
r-oldrel-windows-ix86+x86_64 0.1.3 7.00 94.00 101.00 OK

Check Details

Version: 0.1.3
Check: LazyData
Result: NOTE
     'LazyData' is specified without a 'data' directory
Flavors: r-devel-linux-x86_64-debian-clang, r-devel-linux-x86_64-debian-gcc, r-devel-linux-x86_64-fedora-clang, r-devel-linux-x86_64-fedora-gcc, r-devel-windows-x86_64, r-devel-windows-x86_64-gcc10-UCRT, r-patched-linux-x86_64, r-patched-solaris-x86, r-release-linux-x86_64, r-release-macos-arm64, r-release-macos-x86_64, r-release-windows-ix86+x86_64