CRAN Package Check Results for Package istacr

Last updated on 2023-02-07 02:56:54 CET.

Flavor Version Tinstall Tcheck Ttotal Status Flags
r-devel-linux-x86_64-debian-clang 0.2.2 2.46 43.81 46.27 OK
r-devel-linux-x86_64-debian-gcc 0.2.2 2.50 0.02 2.52 FAIL
r-devel-linux-x86_64-fedora-clang 0.2.2 55.92 OK
r-devel-linux-x86_64-fedora-gcc 0.2.2 57.34 OK
r-devel-windows-x86_64 0.2.2 62.00 132.00 194.00 OK
r-patched-linux-x86_64 0.2.2 3.75 37.74 41.49 OK
r-release-linux-x86_64 0.2.2 3.07 36.25 39.32 OK
r-release-macos-arm64 0.2.2 144.00 OK
r-release-macos-x86_64 0.2.2 171.00 OK
r-release-windows-x86_64 0.2.2 51.00 130.00 181.00 OK
r-oldrel-macos-arm64 0.2.2 148.00 OK
r-oldrel-macos-x86_64 0.2.2 174.00 OK
r-oldrel-windows-ix86+x86_64 0.2.2 6.00 103.00 109.00 OK

Check Details

Version: 0.2.2
Check: examples
Result: FAIL
Flavor: r-devel-linux-x86_64-debian-gcc