CRAN Package Check Results for Package itdr

Last updated on 2021-10-16 00:49:18 CEST.

Flavor Version Tinstall Tcheck Ttotal Status Flags
r-devel-linux-x86_64-debian-clang 1.0 4.45 28.97 33.42 OK
r-devel-linux-x86_64-debian-gcc 1.0 3.49 23.55 27.04 OK
r-devel-linux-x86_64-fedora-clang 1.0 52.04 NOTE
r-devel-linux-x86_64-fedora-gcc 1.0 41.63 NOTE
r-devel-windows-x86_64 1.0 7.00 41.00 48.00 OK
r-devel-windows-x86_64-gcc10-UCRT 1.0 NOTE
r-patched-linux-x86_64 1.0 4.35 28.24 32.59 OK
r-patched-solaris-x86 1.0 59.00 NOTE
r-release-linux-x86_64 1.0 4.39 28.49 32.88 OK
r-release-macos-arm64 1.0 NOTE
r-release-macos-x86_64 1.0 NOTE
r-release-windows-ix86+x86_64 1.0 13.00 61.00 74.00 OK
r-oldrel-macos-x86_64 1.0 NOTE
r-oldrel-windows-ix86+x86_64 1.0 14.00 71.00 85.00 OK

Check Details

Version: 1.0
Check: dependencies in R code
Result: NOTE
    Namespace in Imports field not imported from: ‘MASS’
     All declared Imports should be used.
Flavors: r-devel-linux-x86_64-fedora-clang, r-devel-linux-x86_64-fedora-gcc, r-devel-windows-x86_64-gcc10-UCRT, r-patched-solaris-x86, r-release-macos-arm64, r-release-macos-x86_64, r-oldrel-macos-x86_64