CRAN Package Check Results for Package itsadug

Last updated on 2020-02-28 00:47:58 CET.

Flavor Version Tinstall Tcheck Ttotal Status Flags
r-devel-linux-x86_64-debian-clang 2.3 12.21 192.21 204.42 WARN
r-devel-linux-x86_64-debian-gcc 2.3 12.81 148.25 161.06 WARN
r-devel-linux-x86_64-fedora-clang 2.3 258.08 OK
r-devel-linux-x86_64-fedora-gcc 2.3 255.63 OK
r-devel-windows-ix86+x86_64 2.3 21.00 213.00 234.00 OK
r-devel-windows-ix86+x86_64-gcc8 2.3 23.00 211.00 234.00 OK
r-patched-linux-x86_64 2.3 12.54 184.31 196.85 OK
r-patched-solaris-x86 2.3 427.00 OK
r-release-linux-x86_64 2.3 11.42 184.14 195.56 OK
r-release-windows-ix86+x86_64 2.3 17.00 183.00 200.00 OK
r-release-osx-x86_64 2.3 OK
r-oldrel-windows-ix86+x86_64 2.3 13.00 181.00 194.00 OK
r-oldrel-osx-x86_64 2.3 OK

Check Details

Version: 2.3
Check: re-building of vignette outputs
Result: WARN
    Error(s) in re-building vignettes:
     ...
    --- re-building 'acf.Rmd' using rmarkdown
    --- finished re-building 'acf.Rmd'
    
    --- re-building 'inspect.Rmd' using rmarkdown
    Quitting from lines 101-106 (inspect.Rmd)
    Error: processing vignette 'inspect.Rmd' failed with diagnostics:
    non-conformable arrays
    --- failed re-building 'inspect.Rmd'
    
    --- re-building 'test.Rmd' using rmarkdown
    Quitting from lines 187-200 (test.Rmd)
    Error: processing vignette 'test.Rmd' failed with diagnostics:
    non-conformable arrays
    --- failed re-building 'test.Rmd'
    
    SUMMARY: processing the following files failed:
     'inspect.Rmd' 'test.Rmd'
    
    Error: Vignette re-building failed.
    Execution halted
Flavors: r-devel-linux-x86_64-debian-clang, r-devel-linux-x86_64-debian-gcc