Last updated on 2023-02-04 14:54:22 CET.
Flavor | Version | Tinstall | Tcheck | Ttotal | Status | Flags |
---|---|---|---|---|---|---|
r-devel-linux-x86_64-debian-clang | 0.2.0 | 50.96 | 433.41 | 484.37 | OK | |
r-devel-linux-x86_64-debian-gcc | 0.2.0 | 38.13 | 307.80 | 345.93 | OK | |
r-devel-linux-x86_64-fedora-clang | 0.2.0 | 572.62 | OK | |||
r-devel-linux-x86_64-fedora-gcc | 0.2.0 | 587.32 | OK | |||
r-devel-windows-x86_64 | 0.2.0 | 68.00 | 439.00 | 507.00 | OK | |
r-patched-linux-x86_64 | 0.2.0 | 49.00 | 404.75 | 453.75 | OK | |
r-release-linux-x86_64 | 0.2.0 | 43.70 | 396.14 | 439.84 | OK | |
r-release-macos-arm64 | 0.2.0 | 121.00 | OK | |||
r-release-macos-x86_64 | 0.2.0 | 7.00 | ERROR | |||
r-release-windows-x86_64 | 0.2.0 | 65.00 | 448.00 | 513.00 | OK | |
r-oldrel-macos-arm64 | 0.2.0 | 116.00 | OK | |||
r-oldrel-macos-x86_64 | 0.2.0 | 11.00 | ERROR | |||
r-oldrel-windows-ix86+x86_64 | 0.2.0 | 97.00 | 420.00 | 517.00 | OK |
Version: 0.2.0
Check: package dependencies
Result: ERROR
Package required and available but unsuitable version: ‘stars’
See section ‘The DESCRIPTION file’ in the ‘Writing R Extensions’
manual.
Flavors: r-release-macos-x86_64, r-oldrel-macos-x86_64