CRAN Package Check Results for Package ivdesc

Last updated on 2021-05-09 09:47:06 CEST.

Flavor Version Tinstall Tcheck Ttotal Status Flags
r-devel-linux-x86_64-debian-clang 1.1.0 4.68 49.53 54.21 NOTE
r-devel-linux-x86_64-debian-gcc 1.1.0 3.87 37.18 41.05 NOTE
r-devel-linux-x86_64-fedora-clang 1.1.0 73.83 NOTE
r-devel-linux-x86_64-fedora-gcc 1.1.0 67.08 NOTE
r-devel-windows-ix86+x86_64 1.1.0 25.00 67.00 92.00 NOTE
r-devel-windows-x86_64-gcc10-UCRT 1.1.0 NOTE
r-patched-linux-x86_64 1.1.0 4.52 46.22 50.74 NOTE
r-patched-solaris-x86 1.1.0 93.30 OK
r-release-linux-x86_64 1.1.0 3.65 46.43 50.08 OK
r-release-macos-x86_64 1.1.0 OK
r-release-windows-ix86+x86_64 1.1.0 10.00 52.00 62.00 OK
r-oldrel-macos-x86_64 1.1.0 OK
r-oldrel-windows-ix86+x86_64 1.1.0 11.00 64.00 75.00 OK

Check Details

Version: 1.1.0
Check: LazyData
Result: NOTE
     'LazyData' is specified without a 'data' directory
Flavors: r-devel-linux-x86_64-debian-clang, r-devel-linux-x86_64-debian-gcc, r-devel-linux-x86_64-fedora-clang, r-devel-linux-x86_64-fedora-gcc, r-devel-windows-ix86+x86_64, r-devel-windows-x86_64-gcc10-UCRT, r-patched-linux-x86_64

Version: 1.1.0
Check: Rd cross-references
Result: NOTE
    Undeclared package ‘AER’ in Rd xrefs
Flavor: r-devel-linux-x86_64-fedora-clang