CRAN Package Check Results for Package ivmte

Last updated on 2019-06-20 13:46:52 CEST.

Flavor Version Tinstall Tcheck Ttotal Status Flags
r-devel-linux-x86_64-debian-clang 1.0.1 7.01 225.82 232.83 NOTE
r-devel-linux-x86_64-debian-gcc 1.0.1 7.59 161.09 168.68 NOTE
r-devel-linux-x86_64-fedora-clang 1.0.1 248.51 NOTE
r-devel-linux-x86_64-fedora-gcc 1.0.1 245.83 NOTE
r-devel-windows-ix86+x86_64 1.0.1 17.00 245.00 262.00 NOTE
r-patched-linux-x86_64 1.0.1 7.66 227.00 234.66 NOTE
r-patched-solaris-x86 1.0.1 313.20 NOTE
r-release-linux-x86_64 1.0.1 8.75 221.75 230.50 NOTE
r-release-windows-ix86+x86_64 1.0.1 18.00 293.00 311.00 NOTE
r-release-osx-x86_64 1.0.1 NOTE
r-oldrel-windows-ix86+x86_64 1.0.1 10.00 322.00 332.00 NOTE
r-oldrel-osx-x86_64 1.0.1 NOTE

Check Details

Version: 1.0.1
Check: package dependencies
Result: NOTE
    Package suggested but not available for checking: 'gurobi'
Flavors: r-devel-linux-x86_64-debian-clang, r-devel-linux-x86_64-debian-gcc, r-patched-linux-x86_64, r-release-linux-x86_64

Version: 1.0.1
Check: package dependencies
Result: NOTE
    Packages suggested but not available for checking:
     'gurobi', 'Rcplex', 'cplexAPI'
Flavors: r-devel-linux-x86_64-fedora-clang, r-devel-linux-x86_64-fedora-gcc, r-devel-windows-ix86+x86_64, r-patched-solaris-x86, r-release-windows-ix86+x86_64, r-release-osx-x86_64

Version: 1.0.1
Check: package dependencies
Result: NOTE
    Packages suggested but not available for checking:
     'gurobi' 'Rcplex' 'cplexAPI'
Flavors: r-oldrel-windows-ix86+x86_64, r-oldrel-osx-x86_64