CRAN Package Check Results for Package ivpack

Last updated on 2019-05-22 02:51:55 CEST.

Flavor Version Tinstall Tcheck Ttotal Status Flags
r-devel-linux-x86_64-debian-clang 1.2 8.71 67.99 76.70 NOTE
r-devel-linux-x86_64-debian-gcc 1.2 6.23 53.32 59.55 NOTE
r-devel-linux-x86_64-fedora-clang 1.2 90.71 NOTE
r-devel-linux-x86_64-fedora-gcc 1.2 86.65 NOTE
r-devel-windows-ix86+x86_64 1.2 18.00 117.00 135.00 NOTE
r-patched-linux-x86_64 1.2 8.75 66.40 75.15 NOTE
r-patched-solaris-x86 1.2 148.70 NOTE
r-release-linux-x86_64 1.2 7.79 66.22 74.01 NOTE
r-release-windows-ix86+x86_64 1.2 30.00 87.00 117.00 NOTE
r-release-osx-x86_64 1.2 NOTE
r-oldrel-windows-ix86+x86_64 1.2 12.00 78.00 90.00 NOTE
r-oldrel-osx-x86_64 1.2 NOTE

Check Details

Version: 1.2
Check: DESCRIPTION meta-information
Result: NOTE
    Malformed Title field: should not end in a period.
Flavors: r-devel-linux-x86_64-debian-clang, r-devel-linux-x86_64-debian-gcc, r-devel-linux-x86_64-fedora-clang, r-devel-linux-x86_64-fedora-gcc, r-devel-windows-ix86+x86_64, r-patched-linux-x86_64, r-patched-solaris-x86, r-release-linux-x86_64, r-release-windows-ix86+x86_64, r-release-osx-x86_64, r-oldrel-windows-ix86+x86_64, r-oldrel-osx-x86_64

Version: 1.2
Check: R code for possible problems
Result: NOTE
    ARsensitivity.ci: no visible global function definition for 'residuals'
    ARsensitivity.ci: no visible global function definition for 'lm'
    ARsensitivity.ci: no visible global function definition for 'qf'
    ARsensitivity.ci: no visible global function definition for 'fitted'
    ARsensitivity.power: no visible global function definition for 'qf'
    ARsensitivity.power: no visible global function definition for 'pf'
    ARsensitivity.size: no visible global function definition for 'qf'
    ARsensitivity.size: no visible global function definition for 'pf'
    anderson.rubin.ci: no visible global function definition for 'qf'
    anderson.rubin.ci: no visible global function definition for 'fitted'
    anderson.rubin.ci: no visible global function definition for 'lm'
    power.iv: no visible global function definition for 'qf'
    power.iv: no visible global function definition for 'pf'
    Undefined global functions or variables:
     fitted lm pf qf residuals
    Consider adding
     importFrom("stats", "fitted", "lm", "pf", "qf", "residuals")
    to your NAMESPACE file.
Flavors: r-devel-linux-x86_64-debian-clang, r-devel-linux-x86_64-debian-gcc, r-devel-linux-x86_64-fedora-clang, r-devel-linux-x86_64-fedora-gcc, r-devel-windows-ix86+x86_64, r-patched-linux-x86_64, r-patched-solaris-x86, r-release-linux-x86_64, r-release-windows-ix86+x86_64, r-release-osx-x86_64, r-oldrel-windows-ix86+x86_64, r-oldrel-osx-x86_64