CRAN Package Check Results for Package ivprobit

Last updated on 2023-12-06 00:58:16 CET.

Flavor Version Tinstall Tcheck Ttotal Status Flags
r-devel-linux-x86_64-debian-clang 1.1 1.65 22.51 24.16 NOTE
r-devel-linux-x86_64-debian-gcc 1.1 1.15 17.95 19.10 NOTE
r-devel-linux-x86_64-fedora-clang 1.1 31.58 NOTE
r-devel-linux-x86_64-fedora-gcc 1.1 30.07 NOTE
r-devel-windows-x86_64 1.1 2.00 39.00 41.00 NOTE
r-patched-linux-x86_64 1.1 2.21 21.35 23.56 OK
r-release-linux-x86_64 1.1 1.79 21.15 22.94 OK
r-release-macos-arm64 1.1 15.00 OK
r-release-macos-x86_64 1.1 18.00 OK
r-release-windows-x86_64 1.1 5.00 36.00 41.00 OK
r-oldrel-macos-arm64 1.1 17.00 OK
r-oldrel-macos-x86_64 1.1 22.00 NOTE
r-oldrel-windows-x86_64 1.1 11.00 49.00 60.00 OK

Check Details

Version: 1.1
Check: Rd metadata
Result: NOTE Invalid package aliases in Rd file 'ivprobit-package.Rd': ‘ivProbit-package’ Flavors: r-devel-linux-x86_64-debian-clang, r-devel-linux-x86_64-debian-gcc, r-devel-linux-x86_64-fedora-clang, r-devel-linux-x86_64-fedora-gcc, r-devel-windows-x86_64

Version: 1.1
Check: dependencies in R code
Result: NOTE Namespace in Imports field not imported from: ‘methods’ All declared Imports should be used. Flavors: r-devel-linux-x86_64-fedora-clang, r-devel-linux-x86_64-fedora-gcc, r-oldrel-macos-x86_64