CRAN Package Check Results for Package ivprobit

Last updated on 2020-11-30 16:49:17 CET.

Flavor Version Tinstall Tcheck Ttotal Status Flags
r-devel-linux-x86_64-debian-clang 1.1 2.43 23.15 25.58 OK
r-devel-linux-x86_64-debian-gcc 1.1 1.77 19.31 21.08 OK
r-devel-linux-x86_64-fedora-clang 1.1 35.72 NOTE
r-devel-linux-x86_64-fedora-gcc 1.1 26.17 NOTE
r-devel-windows-ix86+x86_64 1.1 4.00 45.00 49.00 OK
r-patched-linux-x86_64 1.1 2.35 22.84 25.19 OK
r-patched-solaris-x86 1.1 39.70 NOTE
r-release-linux-x86_64 1.1 2.39 22.58 24.97 OK
r-release-macos-x86_64 1.1 NOTE
r-release-windows-ix86+x86_64 1.1 4.00 30.00 34.00 OK
r-oldrel-macos-x86_64 1.1 NOTE
r-oldrel-windows-ix86+x86_64 1.1 4.00 40.00 44.00 OK

Check Details

Version: 1.1
Check: dependencies in R code
Result: NOTE
    Namespace in Imports field not imported from: ‘methods’
     All declared Imports should be used.
Flavors: r-devel-linux-x86_64-fedora-clang, r-devel-linux-x86_64-fedora-gcc, r-patched-solaris-x86, r-release-macos-x86_64, r-oldrel-macos-x86_64