CRAN Package Check Results for Package jackstraw

Last updated on 2019-03-23 19:50:32 CET.

Flavor Version Tinstall Tcheck Ttotal Status Flags
r-devel-linux-x86_64-debian-clang 1.3 9.86 137.93 147.79 OK
r-devel-linux-x86_64-debian-gcc 1.3 8.45 104.49 112.94 OK
r-devel-linux-x86_64-fedora-clang 1.3 179.37 OK
r-devel-linux-x86_64-fedora-gcc 1.3 172.15 OK
r-devel-windows-ix86+x86_64 1.3 29.00 226.00 255.00 OK
r-patched-linux-x86_64 1.3 7.39 136.40 143.79 OK
r-patched-solaris-x86 1.3 269.20 OK
r-release-linux-x86_64 1.3 0.31 2.42 2.73 ERROR
r-release-windows-ix86+x86_64 1.3 14.00 168.00 182.00 OK
r-release-osx-x86_64 1.3 OK
r-oldrel-windows-ix86+x86_64 1.3 22.00 226.00 248.00 OK
r-oldrel-osx-x86_64 1.3 OK

Check Details

Version: 1.3
Check: whether package can be installed
Result: ERROR
    Installation failed.
Flavor: r-release-linux-x86_64