Last updated on 2023-03-31 05:54:26 CEST.
Flavor | Version | Tinstall | Tcheck | Ttotal | Status | Flags |
---|---|---|---|---|---|---|
r-devel-linux-x86_64-debian-clang | 2.2.0 | 36.53 | 47.97 | 84.50 | OK | |
r-devel-linux-x86_64-debian-gcc | 2.2.0 | 27.92 | 37.99 | 65.91 | OK | |
r-devel-linux-x86_64-fedora-clang | 2.2.0 | 114.06 | OK | |||
r-devel-linux-x86_64-fedora-gcc | 2.2.0 | 108.72 | OK | |||
r-devel-windows-x86_64 | 2.2.0 | 28.00 | 99.00 | 127.00 | OK | |
r-patched-linux-x86_64 | 2.2.0 | 31.91 | 46.86 | 78.77 | OK | |
r-release-linux-x86_64 | 2.2.0 | 26.25 | 47.82 | 74.07 | OK | |
r-release-macos-arm64 | 2.2.0 | 26.00 | NOTE | |||
r-release-macos-x86_64 | 2.2.0 | 44.00 | NOTE | |||
r-release-windows-x86_64 | 2.2.0 | 53.00 | 102.00 | 155.00 | OK | |
r-oldrel-macos-arm64 | 2.2.0 | 31.00 | NOTE | |||
r-oldrel-macos-x86_64 | 2.2.0 | 45.00 | NOTE | |||
r-oldrel-windows-ix86+x86_64 | 2.2.0 | 80.00 | 107.00 | 187.00 | NOTE |
Version: 2.2.0
Check: installed package size
Result: NOTE
installed size is 5.2Mb
sub-directories of 1Mb or more:
docs 3.5Mb
libs 1.5Mb
Flavors: r-release-macos-arm64, r-release-macos-x86_64, r-oldrel-macos-arm64, r-oldrel-macos-x86_64, r-oldrel-windows-ix86+x86_64