CRAN Package Check Results for Package james.analysis

Last updated on 2021-04-10 13:50:43 CEST.

Flavor Version Tinstall Tcheck Ttotal Status Flags
r-devel-linux-x86_64-debian-clang 1.0.1 3.09 34.04 37.13 NOTE
r-devel-linux-x86_64-debian-gcc 1.0.1 2.32 25.42 27.74 NOTE
r-devel-linux-x86_64-fedora-clang 1.0.1 50.77 NOTE
r-devel-linux-x86_64-fedora-gcc 1.0.1 40.56 NOTE
r-devel-windows-ix86+x86_64 1.0.1 4.00 38.00 42.00 NOTE
r-devel-windows-x86_64-gcc10-UCRT 1.0.1 NOTE
r-patched-linux-x86_64 1.0.1 2.66 32.30 34.96 NOTE
r-patched-solaris-x86 1.0.1 62.20 NOTE
r-release-linux-x86_64 1.0.1 2.73 32.50 35.23 NOTE
r-release-macos-x86_64 1.0.1 NOTE
r-release-windows-ix86+x86_64 1.0.1 4.00 60.00 64.00 NOTE
r-oldrel-macos-x86_64 1.0.1 NOTE
r-oldrel-windows-ix86+x86_64 1.0.1 5.00 37.00 42.00 NOTE

Check Details

Version: 1.0.1
Check: R code for possible problems
Result: NOTE
    boxplot.james: no visible global function definition for 'mtext'
    getBestSolutionValues.james : <anonymous>: no visible global function
     definition for 'tail'
    isMinimizing: no visible global function definition for 'head'
    isMinimizing: no visible global function definition for 'tail'
    mergeJAMES.james: no visible global function definition for 'glob2rx'
    plotConvergence.james : <anonymous> : <anonymous>: no visible global
     function definition for 'tail'
    plotConvergence.james: no visible global function definition for 'tail'
    plotConvergence.james: no visible global function definition for 'head'
    plotConvergence.james : <anonymous>: no visible global function
     definition for 'tail'
    plotConvergence.james: no visible global function definition for
     'matplot'
    plotConvergence.james: no visible global function definition for
     'mtext'
    summary.james: no visible global function definition for 'sd'
    summary.james: no visible global function definition for 'median'
    summary.james: no visible global function definition for 'IQR'
    Undefined global functions or variables:
     IQR glob2rx head matplot median mtext sd tail
    Consider adding
     importFrom("graphics", "matplot", "mtext")
     importFrom("stats", "IQR", "median", "sd")
     importFrom("utils", "glob2rx", "head", "tail")
    to your NAMESPACE file.
Flavors: r-devel-linux-x86_64-debian-clang, r-devel-linux-x86_64-debian-gcc, r-devel-linux-x86_64-fedora-clang, r-devel-linux-x86_64-fedora-gcc, r-devel-windows-ix86+x86_64, r-devel-windows-x86_64-gcc10-UCRT, r-patched-linux-x86_64, r-patched-solaris-x86, r-release-linux-x86_64, r-release-macos-x86_64, r-release-windows-ix86+x86_64, r-oldrel-macos-x86_64, r-oldrel-windows-ix86+x86_64