CRAN Package Check Results for Package janeaustenr

Last updated on 2021-06-19 13:53:20 CEST.

Flavor Version Tinstall Tcheck Ttotal Status Flags
r-devel-linux-x86_64-debian-clang 0.1.5 3.09 25.03 28.12 OK
r-devel-linux-x86_64-debian-gcc 0.1.5 2.80 20.25 23.05 OK
r-devel-linux-x86_64-fedora-clang 0.1.5 43.66 NOTE
r-devel-linux-x86_64-fedora-gcc 0.1.5 33.25 NOTE
r-devel-windows-x86_64 0.1.5 6.00 42.00 48.00 OK
r-devel-windows-x86_64-gcc10-UCRT 0.1.5 NOTE
r-patched-linux-x86_64 0.1.5 2.88 24.34 27.22 OK
r-patched-solaris-x86 0.1.5 51.00 NOTE
r-release-linux-x86_64 0.1.5 3.29 24.45 27.74 OK
r-release-macos-arm64 0.1.5 NOTE
r-release-macos-x86_64 0.1.5 NOTE
r-release-windows-ix86+x86_64 0.1.5 6.00 41.00 47.00 OK
r-oldrel-macos-x86_64 0.1.5 NOTE
r-oldrel-windows-ix86+x86_64 0.1.5 6.00 46.00 52.00 OK

Check Details

Version: 0.1.5
Check: data for non-ASCII characters
Result: NOTE
     Note: found 1 marked UTF-8 string
Flavors: r-devel-linux-x86_64-fedora-clang, r-devel-linux-x86_64-fedora-gcc, r-devel-windows-x86_64-gcc10-UCRT, r-patched-solaris-x86, r-release-macos-arm64, r-release-macos-x86_64, r-oldrel-macos-x86_64