CRAN Package Check Results for Package janitor

Last updated on 2022-09-30 06:51:06 CEST.

Flavor Version Tinstall Tcheck Ttotal Status Flags
r-devel-linux-x86_64-debian-clang 2.1.0 7.53 99.21 106.74 NOTE
r-devel-linux-x86_64-debian-gcc 2.1.0 6.96 74.26 81.22 NOTE
r-devel-linux-x86_64-fedora-clang 2.1.0 141.23 NOTE
r-devel-linux-x86_64-fedora-gcc 2.1.0 131.10 NOTE
r-devel-windows-x86_64 2.1.0 44.00 133.00 177.00 NOTE
r-patched-linux-x86_64 2.1.0 6.86 88.32 95.18 NOTE
r-release-linux-x86_64 2.1.0 7.25 91.22 98.47 NOTE
r-release-macos-arm64 2.1.0 35.00 NOTE
r-release-macos-x86_64 2.1.0 78.00 NOTE
r-release-windows-x86_64 2.1.0 24.00 131.00 155.00 NOTE
r-oldrel-macos-arm64 2.1.0 52.00 NOTE
r-oldrel-macos-x86_64 2.1.0 74.00 NOTE
r-oldrel-windows-ix86+x86_64 2.1.0 19.00 125.00 144.00 WARN

Check Details

Version: 2.1.0
Check: LazyData
Result: NOTE
     'LazyData' is specified without a 'data' directory
Flavors: r-devel-linux-x86_64-debian-clang, r-devel-linux-x86_64-debian-gcc, r-devel-linux-x86_64-fedora-clang, r-devel-linux-x86_64-fedora-gcc, r-devel-windows-x86_64, r-patched-linux-x86_64, r-release-linux-x86_64, r-release-macos-arm64, r-release-macos-x86_64, r-release-windows-x86_64, r-oldrel-macos-arm64, r-oldrel-macos-x86_64, r-oldrel-windows-ix86+x86_64

Version: 2.1.0
Check: re-building of vignette outputs
Result: WARN
    Error(s) in re-building vignettes:
    --- re-building 'janitor.Rmd' using rmarkdown
    
    Attaching package: 'janitor'
    
    The following objects are masked from 'package:stats':
    
     chisq.test, fisher.test
    
    pandoc.exe: Unknown extension: gfm_auto_identifiers
    Error: processing vignette 'janitor.Rmd' failed with diagnostics:
    pandoc document conversion failed with error 7
    --- failed re-building 'janitor.Rmd'
    
    --- re-building 'tabyls.Rmd' using rmarkdown
    
    Attaching package: 'dplyr'
    
    The following objects are masked from 'package:stats':
    
     filter, lag
    
    The following objects are masked from 'package:base':
    
     intersect, setdiff, setequal, union
    
    Error: processing vignette 'tabyls.Rmd' failed with diagnostics:
    object 'preview_math' not found
    --- failed re-building 'tabyls.Rmd'
    
    SUMMARY: processing the following files failed:
     'janitor.Rmd' 'tabyls.Rmd'
    
    Error: Vignette re-building failed.
    Execution halted
Flavor: r-oldrel-windows-ix86+x86_64